CRAN Package Check Results for Package E4tools

Last updated on 2021-12-02 16:51:56 CET.

Flavor Version Tinstall Tcheck Ttotal Status Flags
r-devel-linux-x86_64-debian-clang 0.1.1 5.88 48.97 54.85 NOTE
r-devel-linux-x86_64-debian-gcc 0.1.1 4.27 37.46 41.73 NOTE
r-devel-linux-x86_64-fedora-clang 0.1.1 74.47 NOTE
r-devel-linux-x86_64-fedora-gcc 0.1.1 63.44 NOTE
r-devel-windows-x86_64-new-UL 0.1.1 14.00 109.00 123.00 NOTE
r-devel-windows-x86_64-new-TK 0.1.1 NOTE
r-devel-windows-x86_64-old 0.1.1 10.00 63.00 73.00 NOTE
r-patched-linux-x86_64 0.1.1 5.04 46.07 51.11 NOTE
r-patched-solaris-x86 0.1.1 96.00 NOTE
r-release-linux-x86_64 0.1.1 5.19 46.22 51.41 NOTE
r-release-macos-arm64 0.1.1 NOTE
r-release-macos-x86_64 0.1.1 NOTE
r-release-windows-ix86+x86_64 0.1.1 11.00 80.00 91.00 NOTE
r-oldrel-macos-x86_64 0.1.1 NOTE
r-oldrel-windows-ix86+x86_64 0.1.1 10.00 75.00 85.00 OK

Check Details

Version: 0.1.1
Check: LazyData
Result: NOTE
     'LazyData' is specified without a 'data' directory
Flavors: r-devel-linux-x86_64-debian-clang, r-devel-linux-x86_64-debian-gcc, r-devel-linux-x86_64-fedora-clang, r-devel-linux-x86_64-fedora-gcc, r-devel-windows-x86_64-new-UL, r-devel-windows-x86_64-new-TK, r-devel-windows-x86_64-old, r-patched-linux-x86_64, r-patched-solaris-x86, r-release-linux-x86_64, r-release-macos-arm64, r-release-macos-x86_64, r-release-windows-ix86+x86_64

Version: 0.1.1
Check: installed package size
Result: NOTE
     installed size is 5.1Mb
     sub-directories of 1Mb or more:
     extdata 4.8Mb
Flavors: r-devel-linux-x86_64-fedora-clang, r-patched-solaris-x86

Version: 0.1.1
Check: dependencies in R code
Result: NOTE
    Namespace in Imports field not imported from: ‘hms’
     All declared Imports should be used.
Flavors: r-devel-linux-x86_64-fedora-clang, r-devel-linux-x86_64-fedora-gcc, r-devel-windows-x86_64-new-TK, r-patched-solaris-x86, r-release-macos-arm64, r-release-macos-x86_64, r-oldrel-macos-x86_64