Last updated on 2024-04-20 00:56:04 CEST.
Flavor | Version | Tinstall | Tcheck | Ttotal | Status | Flags |
---|---|---|---|---|---|---|
r-devel-linux-x86_64-debian-clang | 0.2.3 | 38.87 | 245.26 | 284.13 | NOTE | |
r-devel-linux-x86_64-debian-gcc | 0.2.3 | NOTE | ||||
r-devel-linux-x86_64-fedora-clang | 0.2.3 | 358.49 | NOTE | |||
r-devel-linux-x86_64-fedora-gcc | 0.2.3 | 364.17 | NOTE | |||
r-prerel-macos-arm64 | 0.2.3 | 85.00 | NOTE | |||
r-prerel-windows-x86_64 | 0.2.3 | 34.00 | 196.00 | 230.00 | NOTE | |
r-patched-linux-x86_64 | 0.2.3 | 42.26 | 231.36 | 273.62 | NOTE | |
r-release-linux-x86_64 | 0.2.3 | 41.13 | 233.63 | 274.76 | NOTE | |
r-release-macos-arm64 | 0.2.3 | 96.00 | NOTE | |||
r-release-macos-x86_64 | 0.2.3 | 165.00 | NOTE | |||
r-release-windows-x86_64 | 0.2.3 | 45.00 | 257.00 | 302.00 | NOTE | |
r-oldrel-macos-arm64 | 0.2.3 | 77.00 | NOTE | |||
r-oldrel-windows-x86_64 | 0.2.3 | 42.00 | 245.00 | 287.00 | NOTE |
Version: 0.2.3
Check: Rd files
Result: NOTE
checkRd: (-1) MHLS.Rd:48-51: Lost braces in \itemize; meant \describe ?
checkRd: (-1) MHLS.Rd:52: Lost braces in \itemize; meant \describe ?
checkRd: (-1) MHLS.Rd:53-54: Lost braces in \itemize; meant \describe ?
checkRd: (-1) MHLS.Rd:55-56: Lost braces in \itemize; meant \describe ?
checkRd: (-1) MHLS.Rd:75: Lost braces; missing escapes or markup?
75 | From the initial values, \code{B0} and {S0}, \code{\link{MHLS}} draws \code{beta} and \code{subgrad} samples.
| ^
Flavors: r-devel-linux-x86_64-debian-clang, r-devel-linux-x86_64-debian-gcc, r-devel-linux-x86_64-fedora-clang, r-devel-linux-x86_64-fedora-gcc, r-prerel-macos-arm64, r-prerel-windows-x86_64, r-patched-linux-x86_64
Version: 0.2.3
Check: LazyData
Result: NOTE
'LazyData' is specified without a 'data' directory
Flavors: r-devel-linux-x86_64-debian-clang, r-devel-linux-x86_64-debian-gcc, r-devel-linux-x86_64-fedora-clang, r-devel-linux-x86_64-fedora-gcc, r-prerel-macos-arm64, r-prerel-windows-x86_64, r-patched-linux-x86_64, r-release-linux-x86_64, r-release-macos-arm64, r-release-macos-x86_64, r-release-windows-x86_64, r-oldrel-macos-arm64, r-oldrel-windows-x86_64