Last updated on 2023-10-04 00:58:21 CEST.
Flavor | Version | Tinstall | Tcheck | Ttotal | Status | Flags |
---|---|---|---|---|---|---|
r-devel-linux-x86_64-debian-clang | 0.5.5 | 16.36 | 40.67 | 57.03 | NOTE | |
r-devel-linux-x86_64-debian-gcc | 0.5.5 | 11.85 | 31.51 | 43.36 | NOTE | |
r-devel-linux-x86_64-fedora-clang | 0.5.5 | 68.38 | NOTE | |||
r-devel-linux-x86_64-fedora-gcc | 0.5.5 | 84.01 | NOTE | |||
r-devel-windows-x86_64 | 0.5.5 | 34.00 | 58.00 | 92.00 | NOTE | |
r-patched-linux-x86_64 | 0.5.5 | 14.43 | 39.13 | 53.56 | NOTE | |
r-release-linux-x86_64 | 0.5.5 | 15.52 | 38.98 | 54.50 | NOTE | |
r-release-macos-arm64 | 0.5.5 | 35.00 | NOTE | |||
r-release-macos-x86_64 | 0.5.5 | 89.00 | NOTE | |||
r-release-windows-x86_64 | 0.5.5 | 34.00 | 60.00 | 94.00 | NOTE | |
r-oldrel-macos-arm64 | 0.5.5 | 30.00 | NOTE | |||
r-oldrel-macos-x86_64 | 0.5.5 | 49.00 | NOTE | |||
r-oldrel-windows-x86_64 | 0.5.5 | 2.00 | 8.00 | 10.00 | ERROR |
Version: 0.5.5
Check: for GNU extensions in Makefiles
Result: NOTE
GNU make is a SystemRequirements.
Flavors: r-devel-linux-x86_64-debian-clang, r-devel-linux-x86_64-debian-gcc, r-devel-linux-x86_64-fedora-clang, r-devel-linux-x86_64-fedora-gcc, r-devel-windows-x86_64, r-patched-linux-x86_64, r-release-linux-x86_64, r-release-macos-arm64, r-release-macos-x86_64, r-release-windows-x86_64, r-oldrel-macos-arm64, r-oldrel-macos-x86_64
Version: 0.5.5
Check: whether package can be installed
Result: ERROR
Installation failed.
Flavor: r-oldrel-windows-x86_64