CRAN Package Check Results for Package EEMDlstm

Last updated on 2024-02-25 16:51:40 CET.

Flavor Version Tinstall Tcheck Ttotal Status Flags
r-devel-linux-x86_64-debian-clang 0.1.0 13.90 124.71 138.61 OK
r-devel-linux-x86_64-debian-gcc 0.1.0 12.05 91.99 104.04 OK
r-devel-linux-x86_64-fedora-clang 0.1.0 178.69 NOTE
r-devel-linux-x86_64-fedora-gcc 0.1.0 158.88 NOTE
r-devel-windows-x86_64 0.1.0 13.00 101.00 114.00 OK
r-patched-linux-x86_64 0.1.0 12.48 118.42 130.90 OK
r-release-linux-x86_64 0.1.0 12.61 117.82 130.43 OK
r-release-macos-arm64 0.1.0 53.00 OK
r-release-macos-x86_64 0.1.0 84.00 OK
r-release-windows-x86_64 0.1.0 18.00 124.00 142.00 OK
r-oldrel-macos-arm64 0.1.0 48.00 NOTE
r-oldrel-windows-x86_64 0.1.0 20.00 124.00 144.00 OK

Additional issues

donttest

Check Details

Version: 0.1.0
Check: dependencies in R code
Result: NOTE Namespaces in Imports field not imported from: ‘reticulate’ ‘tensorflow’ All declared Imports should be used. Flavors: r-devel-linux-x86_64-fedora-clang, r-devel-linux-x86_64-fedora-gcc, r-oldrel-macos-arm64