CRAN Package Check Results for Package EGRET

Last updated on 2024-05-28 08:54:32 CEST.

Flavor Version Tinstall Tcheck Ttotal Status Flags
r-devel-linux-x86_64-debian-clang 3.0.9 11.51 237.08 248.59 NOTE
r-devel-linux-x86_64-debian-gcc 3.0.9 11.58 171.53 183.11 NOTE
r-devel-linux-x86_64-fedora-clang 3.0.9 308.05 NOTE
r-devel-linux-x86_64-fedora-gcc 3.0.9 312.35 NOTE
r-devel-windows-x86_64 3.0.9 13.00 198.00 211.00 NOTE
r-patched-linux-x86_64 3.0.9 18.38 221.75 240.13 NOTE
r-release-linux-x86_64 3.0.9 10.61 221.73 232.34 NOTE
r-release-macos-arm64 3.0.9 89.00 NOTE
r-release-windows-x86_64 3.0.9 12.00 202.00 214.00 NOTE
r-oldrel-macos-arm64 3.0.9 88.00 OK
r-oldrel-macos-x86_64 3.0.9 176.00 OK
r-oldrel-windows-x86_64 3.0.9 18.00 247.00 265.00 OK

Check Details

Version: 3.0.9
Check: Rd files
Result: NOTE checkRd: (-1) Constants.Rd:13: Lost braces in \itemize; meant \describe ? checkRd: (-1) Constants.Rd:14: Lost braces in \itemize; meant \describe ? checkRd: (-1) Constants.Rd:15: Lost braces in \itemize; meant \describe ? checkRd: (-1) boxConcMonth.Rd:24: Lost braces; missing escapes or markup? 24 | \item{las}{numeric in {0,1,2,3}; the style of axis labels, see ?par} | ^ checkRd: (-1) boxQTwice.Rd:28: Lost braces; missing escapes or markup? 28 | \item{las}{numeric in {0,1,2,3}; the style of axis labels, see ?par} | ^ checkRd: (-1) boxResidMonth.Rd:17: Lost braces; missing escapes or markup? 17 | \item{las}{numeric in {0,1,2,3}; the style of axis labels} | ^ Flavors: r-devel-linux-x86_64-debian-clang, r-devel-linux-x86_64-debian-gcc, r-devel-linux-x86_64-fedora-clang, r-devel-linux-x86_64-fedora-gcc, r-devel-windows-x86_64, r-patched-linux-x86_64, r-release-linux-x86_64, r-release-macos-arm64, r-release-windows-x86_64