Last updated on 2024-04-18 01:02:50 CEST.
Flavor | Version | Tinstall | Tcheck | Ttotal | Status | Flags |
---|---|---|---|---|---|---|
r-devel-linux-x86_64-debian-clang | 0.1.4 | 68.63 | 78.28 | 146.91 | OK | |
r-devel-linux-x86_64-debian-gcc | 0.1.4 | 50.96 | 57.88 | 108.84 | OK | |
r-devel-linux-x86_64-fedora-clang | 0.1.4 | 195.93 | OK | |||
r-devel-linux-x86_64-fedora-gcc | 0.1.4 | 194.49 | OK | |||
r-prerel-macos-arm64 | 0.1.4 | 45.00 | NOTE | |||
r-prerel-windows-x86_64 | 0.1.4 | 53.00 | 143.00 | 196.00 | OK | |
r-patched-linux-x86_64 | 0.1.4 | 64.80 | 77.56 | 142.36 | OK | |
r-release-linux-x86_64 | 0.1.4 | 64.53 | 78.02 | 142.55 | OK | |
r-release-macos-arm64 | 0.1.4 | 55.00 | NOTE | |||
r-release-macos-x86_64 | 0.1.4 | 90.00 | NOTE | |||
r-release-windows-x86_64 | 0.1.4 | 67.00 | 121.00 | 188.00 | OK | |
r-oldrel-macos-arm64 | 0.1.4 | 55.00 | NOTE | |||
r-oldrel-windows-x86_64 | 0.1.4 | 64.00 | 124.00 | 188.00 | OK |
Version: 0.1.4
Check: installed package size
Result: NOTE
installed size is 6.0Mb
sub-directories of 1Mb or more:
data 2.0Mb
libs 3.9Mb
Flavors: r-prerel-macos-arm64, r-release-macos-arm64, r-release-macos-x86_64, r-oldrel-macos-arm64