CRAN Package Check Results for Package ESTER

Last updated on 2021-10-23 12:07:30 CEST.

Flavor Version Tinstall Tcheck Ttotal Status Flags
r-devel-linux-x86_64-debian-clang 0.2.0 19.37 195.14 214.51 NOTE
r-devel-linux-x86_64-debian-gcc 0.2.0 16.33 150.27 166.60 NOTE
r-devel-linux-x86_64-fedora-clang 0.2.0 282.26 NOTE
r-devel-linux-x86_64-fedora-gcc 0.2.0 256.69 NOTE
r-devel-windows-x86_64 0.2.0 34.00 252.00 286.00 NOTE
r-devel-windows-x86_64-gcc10-UCRT 0.2.0 NOTE
r-patched-linux-x86_64 0.2.0 19.71 186.49 206.20 NOTE
r-patched-solaris-x86 0.2.0 386.80 NOTE
r-release-linux-x86_64 0.2.0 18.71 182.71 201.42 NOTE
r-release-macos-arm64 0.2.0 NOTE
r-release-macos-x86_64 0.2.0 NOTE
r-release-windows-ix86+x86_64 0.2.0 37.00 253.00 290.00 NOTE
r-oldrel-macos-x86_64 0.2.0 OK
r-oldrel-windows-ix86+x86_64 0.2.0 55.00 258.00 313.00 OK

Check Details

Version: 0.2.0
Check: LazyData
Result: NOTE
     'LazyData' is specified without a 'data' directory
Flavors: r-devel-linux-x86_64-debian-clang, r-devel-linux-x86_64-debian-gcc, r-devel-linux-x86_64-fedora-clang, r-devel-linux-x86_64-fedora-gcc, r-devel-windows-x86_64, r-devel-windows-x86_64-gcc10-UCRT, r-patched-linux-x86_64, r-patched-solaris-x86, r-release-linux-x86_64, r-release-macos-arm64, r-release-macos-x86_64, r-release-windows-ix86+x86_64