Last updated on 2024-04-19 16:58:40 CEST.
Flavor | Version | Tinstall | Tcheck | Ttotal | Status | Flags |
---|---|---|---|---|---|---|
r-devel-linux-x86_64-debian-clang | 1.0.5 | 1020.44 | 250.42 | 1270.86 | OK | |
r-devel-linux-x86_64-debian-gcc | 1.0.5 | OK | ||||
r-devel-linux-x86_64-fedora-clang | 1.0.5 | 1455.77 | NOTE | |||
r-devel-linux-x86_64-fedora-gcc | 1.0.5 | 2034.02 | NOTE | |||
r-prerel-macos-arm64 | 1.0.5 | 375.00 | NOTE | |||
r-prerel-windows-x86_64 | 1.0.5 | 747.00 | 258.00 | 1005.00 | NOTE | |
r-patched-linux-x86_64 | 1.0.5 | 0.02 | 2.69 | 2.71 | ERROR | |
r-release-linux-x86_64 | 1.0.5 | 0.02 | 2.43 | 2.45 | ERROR | |
r-release-macos-arm64 | 1.0.5 | 515.00 | NOTE | |||
r-release-macos-x86_64 | 1.0.5 | 762.00 | NOTE | |||
r-release-windows-x86_64 | 1.0.5 | 976.00 | 330.00 | 1306.00 | NOTE | |
r-oldrel-macos-arm64 | 1.0.5 | 436.00 | NOTE | |||
r-oldrel-windows-x86_64 | 1.0.5 | 957.00 | 306.00 | 1263.00 | NOTE |
Version: 1.0.5
Check: installed package size
Result: NOTE
installed size is 9.1Mb
sub-directories of 1Mb or more:
libs 8.0Mb
Flavors: r-devel-linux-x86_64-fedora-clang, r-prerel-macos-arm64, r-prerel-windows-x86_64, r-release-macos-arm64, r-release-macos-x86_64, r-release-windows-x86_64, r-oldrel-macos-arm64, r-oldrel-windows-x86_64
Version: 1.0.5
Check: dependencies in R code
Result: NOTE
Namespaces in Imports field not imported from:
‘RcppParallel’ ‘rstantools’
All declared Imports should be used.
Flavors: r-devel-linux-x86_64-fedora-clang, r-devel-linux-x86_64-fedora-gcc
Version: 1.0.5
Check: for GNU extensions in Makefiles
Result: NOTE
GNU make is a SystemRequirements.
Flavors: r-devel-linux-x86_64-fedora-clang, r-devel-linux-x86_64-fedora-gcc, r-prerel-macos-arm64, r-release-macos-arm64, r-release-macos-x86_64, r-oldrel-macos-arm64
Version: 1.0.5
Check: whether package can be installed
Result: ERROR
Installation failed.
Flavors: r-patched-linux-x86_64, r-release-linux-x86_64