Last updated on 2023-06-02 18:52:43 CEST.
Flavor | Version | Tinstall | Tcheck | Ttotal | Status | Flags |
---|---|---|---|---|---|---|
r-devel-linux-x86_64-debian-clang | 1.0.4 | 836.33 | 162.67 | 999.00 | OK | |
r-devel-linux-x86_64-debian-gcc | 1.0.4 | 705.25 | 157.19 | 862.44 | OK | |
r-devel-linux-x86_64-fedora-clang | 1.0.4 | 1168.91 | NOTE | |||
r-devel-linux-x86_64-fedora-gcc | 1.0.4 | 1077.43 | NOTE | |||
r-devel-windows-x86_64 | 1.0.4 | 548.00 | 211.00 | 759.00 | NOTE | |
r-patched-linux-x86_64 | 1.0.4 | OK | ||||
r-release-linux-x86_64 | 1.0.4 | 0.01 | 2.63 | 2.64 | ERROR | |
r-release-macos-arm64 | 1.0.4 | 358.00 | NOTE | |||
r-release-macos-x86_64 | 1.0.3 | 562.00 | NOTE | |||
r-release-windows-x86_64 | 1.0.4 | 730.00 | 265.00 | 995.00 | NOTE | |
r-oldrel-macos-arm64 | 1.0.4 | 339.00 | NOTE | |||
r-oldrel-macos-x86_64 | 1.0.4 | 412.00 | NOTE | |||
r-oldrel-windows-x86_64 | 1.0.4 | 684.00 | 264.00 | 948.00 | NOTE |
Version: 1.0.4
Check: installed package size
Result: NOTE
installed size is 8.3Mb
sub-directories of 1Mb or more:
libs 7.3Mb
Flavors: r-devel-linux-x86_64-fedora-clang, r-devel-windows-x86_64, r-release-macos-arm64, r-release-windows-x86_64, r-oldrel-macos-arm64, r-oldrel-macos-x86_64, r-oldrel-windows-x86_64
Version: 1.0.4
Check: dependencies in R code
Result: NOTE
Namespaces in Imports field not imported from:
‘RcppParallel’ ‘rstantools’
All declared Imports should be used.
Flavors: r-devel-linux-x86_64-fedora-clang, r-devel-linux-x86_64-fedora-gcc
Version: 1.0.4
Check: for GNU extensions in Makefiles
Result: NOTE
GNU make is a SystemRequirements.
Flavors: r-devel-linux-x86_64-fedora-clang, r-devel-linux-x86_64-fedora-gcc, r-release-macos-arm64, r-oldrel-macos-arm64, r-oldrel-macos-x86_64
Version: 1.0.4
Check: whether package can be installed
Result: ERROR
Installation failed.
Flavor: r-release-linux-x86_64
Version: 1.0.3
Check: installed package size
Result: NOTE
installed size is 103.5Mb
sub-directories of 1Mb or more:
libs 102.4Mb
Flavor: r-release-macos-x86_64
Version: 1.0.3
Check: for GNU extensions in Makefiles
Result: NOTE
GNU make is a SystemRequirements.
Flavor: r-release-macos-x86_64