Last updated on 2024-04-19 16:58:40 CEST.
Flavor | Version | Tinstall | Tcheck | Ttotal | Status | Flags |
---|---|---|---|---|---|---|
r-devel-linux-x86_64-debian-clang | 0.4-6 | 8.93 | 64.21 | 73.14 | NOTE | |
r-devel-linux-x86_64-debian-gcc | 0.4-6 | NOTE | ||||
r-devel-linux-x86_64-fedora-clang | 0.4-6 | 89.01 | NOTE | |||
r-devel-linux-x86_64-fedora-gcc | 0.4-6 | 85.89 | NOTE | |||
r-prerel-macos-arm64 | 0.4-6 | 27.00 | NOTE | |||
r-prerel-windows-x86_64 | 0.4-6 | 8.00 | 65.00 | 73.00 | OK | |
r-patched-linux-x86_64 | 0.4-6 | 7.10 | 58.98 | 66.08 | NOTE | |
r-release-linux-x86_64 | 0.4-6 | 5.67 | 60.82 | 66.49 | NOTE | |
r-release-macos-arm64 | 0.4-6 | 32.00 | OK | |||
r-release-macos-x86_64 | 0.4-6 | 61.00 | OK | |||
r-release-windows-x86_64 | 0.4-6 | 10.00 | 77.00 | 87.00 | NOTE | |
r-oldrel-macos-arm64 | 0.4-6 | 31.00 | OK | |||
r-oldrel-windows-x86_64 | 0.4-6 | 12.00 | 82.00 | 94.00 | NOTE |
Version: 0.4-6
Check: package dependencies
Result: NOTE
Package suggested but not available for checking: ‘lavaan.survey’
Flavors: r-devel-linux-x86_64-debian-clang, r-devel-linux-x86_64-debian-gcc, r-devel-linux-x86_64-fedora-clang, r-devel-linux-x86_64-fedora-gcc, r-prerel-macos-arm64, r-patched-linux-x86_64, r-release-linux-x86_64, r-release-windows-x86_64, r-oldrel-windows-x86_64