Last updated on 2023-11-28 16:48:17 CET.
Flavor | Version | Tinstall | Tcheck | Ttotal | Status | Flags |
---|---|---|---|---|---|---|
r-devel-linux-x86_64-debian-clang | 0.5.0 | 528.86 | 323.89 | 852.75 | NOTE | |
r-devel-linux-x86_64-debian-gcc | 0.5.0 | 425.22 | 297.35 | 722.57 | NOTE | |
r-devel-linux-x86_64-fedora-clang | 0.5.0 | 1023.19 | NOTE | |||
r-devel-linux-x86_64-fedora-gcc | 0.5.0 | 1366.00 | NOTE | |||
r-devel-windows-x86_64 | 0.5.0 | 391.00 | 349.00 | 740.00 | NOTE | |
r-patched-linux-x86_64 | 0.5.0 | 434.99 | 404.13 | 839.12 | NOTE | |
r-release-linux-x86_64 | 0.5.0 | 407.77 | 391.71 | 799.48 | NOTE | |
r-release-macos-arm64 | 0.5.0 | 299.00 | NOTE | |||
r-release-macos-x86_64 | 0.5.0 | 386.00 | NOTE | |||
r-release-windows-x86_64 | 0.5.0 | 498.00 | 411.00 | 909.00 | NOTE | |
r-oldrel-macos-arm64 | 0.5.0 | 298.00 | NOTE | |||
r-oldrel-macos-x86_64 | 0.5.0 | 426.00 | NOTE | |||
r-oldrel-windows-x86_64 | 0.5.0 | 470.00 | 410.00 | 880.00 | NOTE |
Version: 0.5.0
Check: for GNU extensions in Makefiles
Result: NOTE
GNU make is a SystemRequirements.
Flavors: r-devel-linux-x86_64-debian-clang, r-devel-linux-x86_64-debian-gcc, r-devel-linux-x86_64-fedora-clang, r-devel-linux-x86_64-fedora-gcc, r-devel-windows-x86_64, r-patched-linux-x86_64, r-release-linux-x86_64, r-release-macos-arm64, r-release-macos-x86_64, r-release-windows-x86_64, r-oldrel-macos-arm64, r-oldrel-macos-x86_64, r-oldrel-windows-x86_64
Version: 0.5.0
Check: installed package size
Result: NOTE
installed size is 6.1Mb
sub-directories of 1Mb or more:
libs 4.9Mb
Flavors: r-devel-linux-x86_64-fedora-clang, r-devel-windows-x86_64, r-release-macos-arm64, r-release-macos-x86_64, r-release-windows-x86_64, r-oldrel-macos-arm64, r-oldrel-macos-x86_64, r-oldrel-windows-x86_64