Last updated on 2023-06-05 16:54:53 CEST.
Flavor | Version | Tinstall | Tcheck | Ttotal | Status | Flags |
---|---|---|---|---|---|---|
r-devel-linux-x86_64-debian-clang | 0.4.7 | 457.99 | 300.52 | 758.51 | NOTE | |
r-devel-linux-x86_64-debian-gcc | 0.4.7 | 422.68 | 258.38 | 681.06 | NOTE | |
r-devel-linux-x86_64-fedora-clang | 0.4.7 | 909.01 | NOTE | |||
r-devel-linux-x86_64-fedora-gcc | 0.4.7 | 1240.00 | NOTE | |||
r-devel-windows-x86_64 | 0.4.7 | 350.00 | 318.00 | 668.00 | NOTE | |
r-patched-linux-x86_64 | 0.4.7 | 399.42 | 338.43 | 737.85 | NOTE | |
r-release-linux-x86_64 | 0.4.7 | 446.08 | 332.30 | 778.38 | NOTE | |
r-release-macos-arm64 | 0.4.7 | 324.00 | NOTE | |||
r-release-macos-x86_64 | 0.4.7 | 491.00 | NOTE | |||
r-release-windows-x86_64 | 0.4.7 | 455.00 | 397.00 | 852.00 | NOTE | |
r-oldrel-macos-arm64 | 0.4.7 | 248.00 | NOTE | |||
r-oldrel-macos-x86_64 | 0.4.7 | 349.00 | NOTE | |||
r-oldrel-windows-x86_64 | 0.4.7 | 411.00 | 378.00 | 789.00 | NOTE |
Version: 0.4.7
Check: for GNU extensions in Makefiles
Result: NOTE
GNU make is a SystemRequirements.
Flavors: r-devel-linux-x86_64-debian-clang, r-devel-linux-x86_64-debian-gcc, r-devel-linux-x86_64-fedora-clang, r-devel-linux-x86_64-fedora-gcc, r-devel-windows-x86_64, r-patched-linux-x86_64, r-release-linux-x86_64, r-release-macos-arm64, r-release-macos-x86_64, r-release-windows-x86_64, r-oldrel-macos-arm64, r-oldrel-macos-x86_64, r-oldrel-windows-x86_64
Version: 0.4.7
Check: installed package size
Result: NOTE
installed size is 5.9Mb
sub-directories of 1Mb or more:
libs 4.6Mb
Flavors: r-devel-linux-x86_64-fedora-clang, r-devel-windows-x86_64, r-release-macos-arm64, r-release-macos-x86_64, r-release-windows-x86_64, r-oldrel-macos-arm64, r-oldrel-macos-x86_64, r-oldrel-windows-x86_64