Last updated on 2024-03-28 23:55:05 CET.
Flavor | Version | Tinstall | Tcheck | Ttotal | Status | Flags |
---|---|---|---|---|---|---|
r-devel-linux-x86_64-debian-clang | 1.0.2 | 13.93 | 108.05 | 121.98 | NOTE | |
r-devel-linux-x86_64-debian-gcc | 1.0.2 | 12.40 | 79.64 | 92.04 | NOTE | |
r-devel-linux-x86_64-fedora-clang | 1.0.2 | 158.13 | NOTE | |||
r-devel-linux-x86_64-fedora-gcc | 1.0.2 | 165.24 | NOTE | |||
r-devel-windows-x86_64 | 1.0.2 | 13.00 | 96.00 | 109.00 | NOTE | |
r-patched-linux-x86_64 | 1.0.2 | 14.17 | 102.90 | 117.07 | NOTE | |
r-release-linux-x86_64 | 1.0.2 | 13.33 | 105.58 | 118.91 | OK | |
r-release-macos-arm64 | 1.0.2 | 50.00 | OK | |||
r-release-macos-x86_64 | 1.0.2 | 79.00 | OK | |||
r-release-windows-x86_64 | 1.0.2 | 16.00 | 117.00 | 133.00 | OK | |
r-oldrel-macos-arm64 | 1.0.2 | 40.00 | OK | |||
r-oldrel-windows-x86_64 | 1.0.2 | 16.00 | 117.00 | 133.00 | OK |
Version: 1.0.2
Check: Rd files
Result: NOTE
checkRd: (-1) ALL.Regression.Config-class.Rd:39: Lost braces
39 | \item{code{shrinkage}:}{Object of class \code{"numeric"}, defining the shrinkage parameter applied to each tree in expansion.}
| ^
Flavors: r-devel-linux-x86_64-debian-clang, r-devel-linux-x86_64-debian-gcc, r-devel-linux-x86_64-fedora-clang, r-devel-linux-x86_64-fedora-gcc, r-devel-windows-x86_64, r-patched-linux-x86_64