Last updated on 2023-05-28 23:13:57 CEST.
Flavor | Version | Tinstall | Tcheck | Ttotal | Status | Flags |
---|---|---|---|---|---|---|
r-devel-linux-x86_64-debian-clang | 2.4-2 | 6.91 | 84.00 | 90.91 | OK | |
r-devel-linux-x86_64-debian-gcc | 2.4-2 | 5.60 | 63.38 | 68.98 | OK | |
r-devel-linux-x86_64-fedora-clang | 2.4-2 | 118.51 | NOTE | |||
r-devel-linux-x86_64-fedora-gcc | 2.4-2 | 127.28 | NOTE | |||
r-devel-windows-x86_64 | 2.4-2 | 7.00 | 134.00 | 141.00 | OK | |
r-patched-linux-x86_64 | 2.4-2 | 6.43 | 79.20 | 85.63 | OK | |
r-release-linux-x86_64 | 2.4-2 | 6.72 | 78.87 | 85.59 | OK | |
r-release-macos-arm64 | 2.4-2 | 43.00 | OK | |||
r-release-macos-x86_64 | 2.4-2 | 61.00 | OK | |||
r-release-windows-x86_64 | 2.4-2 | 9.00 | 92.00 | 101.00 | OK | |
r-oldrel-macos-arm64 | 2.4-2 | 37.00 | NOTE | |||
r-oldrel-macos-x86_64 | 2.4-2 | 64.00 | NOTE | |||
r-oldrel-windows-x86_64 | 2.4-2 | 10.00 | 97.00 | 107.00 | OK |
Version: 2.4-2
Check: dependencies in R code
Result: NOTE
Namespace in Imports field not imported from: ‘tibble’
All declared Imports should be used.
Flavors: r-devel-linux-x86_64-fedora-clang, r-devel-linux-x86_64-fedora-gcc, r-oldrel-macos-arm64, r-oldrel-macos-x86_64