Last updated on 2024-03-28 23:55:06 CET.
Flavor | Version | Tinstall | Tcheck | Ttotal | Status | Flags |
---|---|---|---|---|---|---|
r-devel-linux-x86_64-debian-clang | 1.0.1 | 102.05 | 48.44 | 150.49 | OK | |
r-devel-linux-x86_64-debian-gcc | 1.0.1 | 73.49 | 35.96 | 109.45 | OK | |
r-devel-linux-x86_64-fedora-clang | 1.0.1 | 211.09 | OK | |||
r-devel-linux-x86_64-fedora-gcc | 1.0.1 | 211.89 | OK | |||
r-devel-windows-x86_64 | 1.0.1 | 74.00 | 85.00 | 159.00 | OK | |
r-patched-linux-x86_64 | 1.0.1 | 94.71 | 46.02 | 140.73 | OK | |
r-release-linux-x86_64 | 1.0.1 | 94.90 | 47.03 | 141.93 | OK | |
r-release-macos-arm64 | 1.0.1 | 5.00 | ERROR | |||
r-release-macos-x86_64 | 1.0.1 | 90.00 | OK | |||
r-release-windows-x86_64 | 1.0.1 | 90.00 | 96.00 | 186.00 | OK | |
r-oldrel-macos-arm64 | 1.0.1 | 41.00 | OK | |||
r-oldrel-windows-x86_64 | 1.0.1 | 86.00 | 85.00 | 171.00 | OK |
Version: 1.0.1
Check: package dependencies
Result: ERROR
Package required but not available: ‘PSCBS’
See section ‘The DESCRIPTION file’ in the ‘Writing R Extensions’
manual.
Flavor: r-release-macos-arm64