Last updated on 2024-03-28 23:55:06 CET.
Flavor | Version | Tinstall | Tcheck | Ttotal | Status | Flags |
---|---|---|---|---|---|---|
r-devel-linux-x86_64-debian-clang | 0.39.2 | 20.58 | 84.23 | 104.81 | NOTE | |
r-devel-linux-x86_64-debian-gcc | 0.39.2 | 12.36 | 64.88 | 77.24 | NOTE | |
r-devel-linux-x86_64-fedora-clang | 0.39.2 | 130.00 | NOTE | |||
r-devel-linux-x86_64-fedora-gcc | 0.39.2 | 140.16 | NOTE | |||
r-devel-windows-x86_64 | 0.39.2 | 15.00 | 89.00 | 104.00 | NOTE | |
r-patched-linux-x86_64 | 0.39.2 | 12.85 | 82.39 | 95.24 | NOTE | |
r-release-linux-x86_64 | 0.39.2 | 11.40 | 81.48 | 92.88 | OK | |
r-release-macos-arm64 | 0.39.2 | 49.00 | NOTE | |||
r-release-macos-x86_64 | 0.39.2 | 68.00 | NOTE | |||
r-release-windows-x86_64 | 0.39.2 | 20.00 | 103.00 | 123.00 | NOTE | |
r-oldrel-macos-arm64 | 0.39.2 | 46.00 | NOTE | |||
r-oldrel-windows-x86_64 | 0.39.2 | 25.00 | 102.00 | 127.00 | NOTE |
Version: 0.39.2
Check: Rd \usage sections
Result: NOTE
Documented arguments not in \usage in Rd file 'doHttrRequest.Rd':
‘params’ ‘customConfig’
Documented arguments not in \usage in Rd file 'errorMessage.Rd':
‘test_me’
Documented arguments not in \usage in Rd file 'isError.Rd':
‘test_me’
Functions with \usage entries need to have the appropriate \alias
entries, and all their arguments documented.
The \usage entries must correspond to syntactically valid R code.
See chapter ‘Writing R documentation files’ in the ‘Writing R
Extensions’ manual.
Flavors: r-devel-linux-x86_64-debian-clang, r-devel-linux-x86_64-debian-gcc, r-devel-linux-x86_64-fedora-clang, r-devel-linux-x86_64-fedora-gcc, r-devel-windows-x86_64, r-patched-linux-x86_64
Version: 0.39.2
Check: installed package size
Result: NOTE
installed size is 7.0Mb
sub-directories of 1Mb or more:
doc 6.0Mb
Flavors: r-devel-linux-x86_64-fedora-clang, r-devel-windows-x86_64, r-release-macos-arm64, r-release-macos-x86_64, r-release-windows-x86_64, r-oldrel-macos-arm64, r-oldrel-windows-x86_64
Version: 0.39.2
Check: dependencies in R code
Result: NOTE
Namespaces in Imports field not imported from:
‘RColorBrewer’ ‘curl’ ‘scales’ ‘stringr’
All declared Imports should be used.
Flavors: r-devel-linux-x86_64-fedora-clang, r-devel-linux-x86_64-fedora-gcc
Version: 0.39.2
Check: Rd cross-references
Result: NOTE
Undeclared package ‘R6’ in Rd xrefs
Flavor: r-devel-linux-x86_64-fedora-clang