CRAN Package Check Results for Package EventStudy

Last updated on 2021-09-23 12:57:46 CEST.

Flavor Version Tinstall Tcheck Ttotal Status Flags
r-devel-linux-x86_64-debian-clang 0.36 14.14 85.14 99.28 NOTE
r-devel-linux-x86_64-debian-gcc 0.36 12.47 63.53 76.00 NOTE
r-devel-linux-x86_64-fedora-clang 0.36 133.33 NOTE
r-devel-linux-x86_64-fedora-gcc 0.36 117.26 NOTE
r-devel-windows-x86_64 0.36 19.00 84.00 103.00 NOTE
r-devel-windows-x86_64-gcc10-UCRT 0.36 ERROR
r-patched-linux-x86_64 0.36 12.36 79.98 92.34 NOTE
r-patched-solaris-x86 0.36 157.10 NOTE
r-release-linux-x86_64 0.36 12.96 80.18 93.14 NOTE
r-release-macos-arm64 0.36 NOTE
r-release-macos-x86_64 0.36 NOTE
r-release-windows-ix86+x86_64 0.36 31.00 113.00 144.00 NOTE
r-oldrel-macos-x86_64 0.36 NOTE
r-oldrel-windows-ix86+x86_64 0.36 24.00 83.00 107.00 NOTE

Check Details

Version: 0.36
Check: LazyData
Result: NOTE
     'LazyData' is specified without a 'data' directory
Flavors: r-devel-linux-x86_64-debian-clang, r-devel-linux-x86_64-debian-gcc, r-devel-linux-x86_64-fedora-clang, r-devel-linux-x86_64-fedora-gcc, r-devel-windows-x86_64, r-devel-windows-x86_64-gcc10-UCRT, r-patched-linux-x86_64, r-patched-solaris-x86, r-release-linux-x86_64, r-release-macos-arm64, r-release-macos-x86_64, r-release-windows-ix86+x86_64

Version: 0.36
Check: installed package size
Result: NOTE
     installed size is 5.9Mb
     sub-directories of 1Mb or more:
     doc 5.0Mb
Flavors: r-devel-linux-x86_64-fedora-clang, r-devel-windows-x86_64, r-patched-solaris-x86, r-release-macos-arm64, r-release-macos-x86_64, r-release-windows-ix86+x86_64, r-oldrel-macos-x86_64, r-oldrel-windows-ix86+x86_64

Version: 0.36
Check: dependencies in R code
Result: NOTE
    Namespaces in Imports field not imported from:
     ‘curl’ ‘openxlsx’ ‘stringr’
     All declared Imports should be used.
Flavors: r-devel-linux-x86_64-fedora-clang, r-devel-linux-x86_64-fedora-gcc, r-devel-windows-x86_64-gcc10-UCRT, r-patched-solaris-x86, r-release-macos-arm64, r-release-macos-x86_64, r-oldrel-macos-x86_64

Version: 0.36
Check: Rd cross-references
Result: NOTE
    Undeclared package ‘R6’ in Rd xrefs
Flavor: r-devel-linux-x86_64-fedora-clang

Version: 0.36
Check: PDF version of manual
Result: WARN
    LaTeX errors when creating PDF version.
    This typically indicates Rd problems.
Flavor: r-devel-windows-x86_64-gcc10-UCRT

Version: 0.36
Check: PDF version of manual without hyperrefs or index
Result: ERROR
    Re-running with no redirection of stdout/stderr.
Flavor: r-devel-windows-x86_64-gcc10-UCRT