Last updated on 2024-04-20 00:56:06 CEST.
Flavor | Version | Tinstall | Tcheck | Ttotal | Status | Flags |
---|---|---|---|---|---|---|
r-devel-linux-x86_64-debian-clang | 0.3.2 | 13.27 | 352.72 | 365.99 | OK | |
r-devel-linux-x86_64-debian-gcc | 0.3.2 | OK | ||||
r-devel-linux-x86_64-fedora-clang | 0.3.2 | 452.48 | NOTE | |||
r-devel-linux-x86_64-fedora-gcc | 0.3.2 | 472.59 | OK | |||
r-prerel-macos-arm64 | 0.3.2 | 120.00 | NOTE | |||
r-prerel-macos-x86_64 | 0.3.2 | 216.00 | NOTE | |||
r-prerel-windows-x86_64 | 0.3.2 | 12.00 | 248.00 | 260.00 | NOTE | |
r-patched-linux-x86_64 | 0.3.2 | 13.88 | 332.04 | 345.92 | OK | |
r-release-linux-x86_64 | 0.3.2 | 8.00 | 342.13 | 350.13 | OK | |
r-release-macos-arm64 | 0.3.2 | 129.00 | NOTE | |||
r-release-macos-x86_64 | 0.3.2 | 179.00 | NOTE | |||
r-release-windows-x86_64 | 0.3.2 | 16.00 | 302.00 | 318.00 | NOTE | |
r-oldrel-macos-arm64 | 0.3.2 | 146.00 | NOTE | |||
r-oldrel-windows-x86_64 | 0.3.2 | 20.00 | 305.00 | 325.00 | NOTE |
Version: 0.3.2
Check: installed package size
Result: NOTE
installed size is 6.8Mb
sub-directories of 1Mb or more:
data 2.5Mb
doc 1.6Mb
extdata 2.4Mb
Flavors: r-devel-linux-x86_64-fedora-clang, r-prerel-macos-arm64, r-prerel-macos-x86_64, r-prerel-windows-x86_64, r-release-macos-arm64, r-release-macos-x86_64, r-release-windows-x86_64, r-oldrel-macos-arm64, r-oldrel-windows-x86_64