CRAN Package Check Results for Package Exact

Last updated on 2024-04-21 08:53:38 CEST.

Flavor Version Tinstall Tcheck Ttotal Status Flags
r-devel-linux-x86_64-debian-clang 3.2 5.28 41.99 47.27 NOTE
r-devel-linux-x86_64-debian-gcc 3.2 4.73 30.99 35.72 NOTE
r-devel-linux-x86_64-fedora-clang 3.2 61.38 NOTE
r-devel-linux-x86_64-fedora-gcc 3.2 58.09 NOTE
r-prerel-macos-arm64 3.2 19.00 NOTE
r-prerel-windows-x86_64 3.2 7.00 49.00 56.00 NOTE
r-patched-linux-x86_64 3.2 7.37 39.37 46.74 NOTE
r-release-linux-x86_64 3.2 5.82 40.23 46.05 NOTE
r-release-macos-arm64 3.2 22.00 NOTE
r-release-macos-x86_64 3.2 30.00 NOTE
r-release-windows-x86_64 3.2 9.00 54.00 63.00 NOTE
r-oldrel-macos-arm64 3.2 22.00 NOTE
r-oldrel-windows-x86_64 3.2 8.00 54.00 62.00 NOTE

Check Details

Version: 3.2
Check: package dependencies
Result: NOTE Package suggested but not available for checking: ‘ExactData’ Flavors: r-devel-linux-x86_64-debian-clang, r-devel-linux-x86_64-debian-gcc, r-devel-linux-x86_64-fedora-clang, r-devel-linux-x86_64-fedora-gcc, r-prerel-macos-arm64, r-prerel-windows-x86_64, r-patched-linux-x86_64, r-release-linux-x86_64, r-release-macos-arm64, r-release-macos-x86_64, r-release-windows-x86_64, r-oldrel-macos-arm64, r-oldrel-windows-x86_64