CRAN Package Check Results for Package Exact

Last updated on 2023-09-21 17:55:43 CEST.

Flavor Version Tinstall Tcheck Ttotal Status Flags
r-devel-linux-x86_64-debian-clang 3.2 6.01 42.02 48.03 NOTE
r-devel-linux-x86_64-debian-gcc 3.2 4.78 30.89 35.67 NOTE
r-devel-linux-x86_64-fedora-clang 3.2 63.24 NOTE
r-devel-linux-x86_64-fedora-gcc 3.2 61.02 NOTE
r-devel-windows-x86_64 3.2 10.00 51.00 61.00 NOTE
r-patched-linux-x86_64 3.2 6.32 40.33 46.65 NOTE
r-release-linux-x86_64 3.2 4.81 41.16 45.97 NOTE
r-release-macos-arm64 3.2 22.00 NOTE
r-release-macos-x86_64 3.2 30.00 NOTE
r-release-windows-x86_64 3.2 8.00 63.00 71.00 NOTE
r-oldrel-macos-arm64 3.2 22.00 NOTE
r-oldrel-macos-x86_64 3.2 42.00 NOTE
r-oldrel-windows-x86_64 3.2 13.00 87.00 100.00 NOTE

Check Details

Version: 3.2
Check: package dependencies
Result: NOTE
    Package suggested but not available for checking: ‘ExactData’
Flavors: r-devel-linux-x86_64-debian-clang, r-devel-linux-x86_64-debian-gcc, r-devel-linux-x86_64-fedora-clang, r-devel-linux-x86_64-fedora-gcc, r-devel-windows-x86_64, r-patched-linux-x86_64, r-release-linux-x86_64, r-release-macos-arm64, r-release-macos-x86_64, r-release-windows-x86_64, r-oldrel-macos-arm64, r-oldrel-macos-x86_64, r-oldrel-windows-x86_64