CRAN Package Check Results for Package ExceedanceTools

Last updated on 2024-06-15 00:54:05 CEST.

Flavor Version Tinstall Tcheck Ttotal Status Flags
r-devel-linux-x86_64-debian-clang 1.3.6 6.67 79.45 86.12 OK
r-devel-linux-x86_64-debian-gcc 1.3.6 6.47 61.75 68.22 OK
r-devel-linux-x86_64-fedora-clang 1.3.6 118.10 OK
r-devel-linux-x86_64-fedora-gcc 1.3.6 106.55 OK
r-devel-windows-x86_64 1.3.6 8.00 75.00 83.00 OK
r-patched-linux-x86_64 1.3.6 10.01 78.28 88.29 OK
r-release-linux-x86_64 1.3.6 8.70 79.28 87.98 OK
r-release-macos-arm64 1.3.6 35.00 OK
r-release-macos-x86_64 1.3.6 94.00 OK
r-release-windows-x86_64 1.3.6 8.00 58.00 66.00 FAIL
r-oldrel-macos-arm64 1.3.6 40.00 OK
r-oldrel-macos-x86_64 1.3.6 84.00 OK
r-oldrel-windows-x86_64 1.3.6 11.00 91.00 102.00 OK

Check Details

Version: 1.3.6
Check: whether the namespace can be unloaded cleanly
Result: WARN Fatal error: couldn't allocate node stack Flavor: r-release-windows-x86_64

Version: 1.3.6
Check: S3 generic/method consistency
Result: WARN Mingw-w64 runtime failure: VirtualProtect failed with code 0x5af See section 'Generic functions and methods' in the 'Writing R Extensions' manual. Flavor: r-release-windows-x86_64

Version: 1.3.6
Check: Rd metadata
Result: FAIL
Flavor: r-release-windows-x86_64