Last updated on 2024-04-23 08:57:52 CEST.
Flavor | Version | Tinstall | Tcheck | Ttotal | Status | Flags |
---|---|---|---|---|---|---|
r-devel-linux-x86_64-debian-clang | 0.1.0 | 0.29 | 2.09 | 2.38 | ERROR | |
r-devel-linux-x86_64-debian-gcc | 0.1.0 | 3.56 | 35.00 | 38.56 | OK | |
r-devel-linux-x86_64-fedora-clang | 0.1.0 | 71.77 | OK | |||
r-devel-linux-x86_64-fedora-gcc | 0.1.0 | 58.38 | OK | |||
r-prerel-macos-arm64 | 0.1.0 | 21.00 | OK | |||
r-prerel-macos-x86_64 | 0.1.0 | 40.00 | OK | |||
r-prerel-windows-x86_64 | 0.1.0 | 6.00 | 58.00 | 64.00 | OK | |
r-patched-linux-x86_64 | 0.1.0 | 3.39 | 43.62 | 47.01 | OK | |
r-release-linux-x86_64 | 0.1.0 | 4.38 | 45.36 | 49.74 | OK | |
r-release-macos-arm64 | 0.1.0 | 25.00 | OK | |||
r-release-macos-x86_64 | 0.1.0 | 32.00 | OK | |||
r-release-windows-x86_64 | 0.1.0 | 6.00 | 62.00 | 68.00 | OK | |
r-oldrel-macos-arm64 | 0.1.0 | 24.00 | OK | |||
r-oldrel-windows-x86_64 | 0.1.0 | 7.00 | 64.00 | 71.00 | OK |
Version: 0.1.0
Check: package dependencies
Result: ERROR
Package required but not available: ‘DESeq2’
See section ‘The DESCRIPTION file’ in the ‘Writing R Extensions’
manual.
Flavor: r-devel-linux-x86_64-debian-clang