CRAN Package Check Results for Package ExpertChoice

Last updated on 2024-06-17 00:49:58 CEST.

Flavor Version Tinstall Tcheck Ttotal Status Flags
r-devel-linux-x86_64-debian-clang 0.2.0 2.88 56.85 59.73 NOTE
r-devel-linux-x86_64-debian-gcc 0.2.0 2.09 44.20 46.29 NOTE
r-devel-linux-x86_64-fedora-clang 0.2.0 75.59 NOTE
r-devel-linux-x86_64-fedora-gcc 0.2.0 84.64 NOTE
r-devel-windows-x86_64 0.2.0 4.00 73.00 77.00 NOTE
r-patched-linux-x86_64 0.2.0 2.39 54.59 56.98 NOTE
r-release-linux-x86_64 0.2.0 1.79 55.28 57.07 NOTE
r-release-macos-arm64 0.2.0 31.00 NOTE
r-release-macos-x86_64 0.2.0 52.00 NOTE
r-release-windows-x86_64 0.2.0 4.00 50.00 54.00 FAIL
r-oldrel-macos-arm64 0.2.0 35.00 NOTE
r-oldrel-macos-x86_64 0.2.0 55.00 NOTE
r-oldrel-windows-x86_64 0.2.0 4.00 76.00 80.00 NOTE

Check Details

Version: 0.2.0
Check: LazyData
Result: NOTE 'LazyData' is specified without a 'data' directory Flavors: r-devel-linux-x86_64-debian-clang, r-devel-linux-x86_64-debian-gcc, r-devel-linux-x86_64-fedora-clang, r-devel-linux-x86_64-fedora-gcc, r-devel-windows-x86_64, r-patched-linux-x86_64, r-release-linux-x86_64, r-release-macos-arm64, r-release-macos-x86_64, r-release-windows-x86_64, r-oldrel-macos-arm64, r-oldrel-macos-x86_64, r-oldrel-windows-x86_64

Version: 0.2.0
Check: R code for possible problems
Result: NOTE During startup - Warning message: package "methods" in options("defaultPackages") was not found Found the following possibly unsafe calls: Fatal error: couldn't allocate node stack Flavor: r-release-windows-x86_64

Version: 0.2.0
Check: files in ‘vignettes’
Result: FAIL
Flavor: r-release-windows-x86_64