CRAN Package Check Results for Package ExpertChoice

Last updated on 2023-09-29 00:56:47 CEST.

Flavor Version Tinstall Tcheck Ttotal Status Flags
r-devel-linux-x86_64-debian-clang 0.2.0 2.60 54.57 57.17 NOTE
r-devel-linux-x86_64-debian-gcc 0.2.0 2.12 42.41 44.53 NOTE
r-devel-linux-x86_64-fedora-clang 0.2.0 74.90 NOTE
r-devel-linux-x86_64-fedora-gcc 0.2.0 81.13 NOTE
r-devel-windows-x86_64 0.2.0 5.00 73.00 78.00 NOTE
r-patched-linux-x86_64 0.2.0 2.80 53.63 56.43 NOTE
r-release-linux-x86_64 0.2.0 2.10 53.46 55.56 NOTE
r-release-macos-arm64 0.2.0 35.00 NOTE
r-release-macos-x86_64 0.2.0 55.00 NOTE
r-release-windows-x86_64 0.2.0 6.00 74.00 80.00 NOTE
r-oldrel-macos-arm64 0.2.0 28.00 NOTE
r-oldrel-macos-x86_64 0.2.0 50.00 NOTE
r-oldrel-windows-x86_64 0.2.0 5.00 79.00 84.00 NOTE

Check Details

Version: 0.2.0
Check: LazyData
Result: NOTE
     'LazyData' is specified without a 'data' directory
Flavors: r-devel-linux-x86_64-debian-clang, r-devel-linux-x86_64-debian-gcc, r-devel-linux-x86_64-fedora-clang, r-devel-linux-x86_64-fedora-gcc, r-devel-windows-x86_64, r-patched-linux-x86_64, r-release-linux-x86_64, r-release-macos-arm64, r-release-macos-x86_64, r-release-windows-x86_64, r-oldrel-macos-arm64, r-oldrel-macos-x86_64, r-oldrel-windows-x86_64