Last updated on 2024-04-26 00:56:20 CEST.
Flavor | Version | Tinstall | Tcheck | Ttotal | Status | Flags |
---|---|---|---|---|---|---|
r-devel-linux-x86_64-debian-clang | 1.1.1 | 15.02 | 156.03 | 171.05 | NOTE | |
r-devel-linux-x86_64-debian-gcc | 1.1.1 | 11.40 | 113.55 | 124.95 | NOTE | |
r-devel-linux-x86_64-fedora-clang | 1.1.1 | 212.02 | NOTE | |||
r-devel-linux-x86_64-fedora-gcc | 1.1.1 | 214.25 | NOTE | |||
r-devel-windows-x86_64 | 1.1.1 | 14.00 | 116.00 | 130.00 | NOTE | |
r-patched-linux-x86_64 | 1.1.1 | 13.41 | 146.51 | 159.92 | NOTE | |
r-release-linux-x86_64 | 1.1.1 | 17.54 | 150.51 | 168.05 | OK | |
r-release-macos-arm64 | 1.1.1 | 57.00 | NOTE | |||
r-release-windows-x86_64 | 1.1.1 | 14.00 | 115.00 | 129.00 | NOTE | |
r-oldrel-macos-arm64 | 1.1.1 | 65.00 | OK | |||
r-oldrel-macos-x86_64 | 1.1.1 | 104.00 | OK | |||
r-oldrel-windows-x86_64 | 1.1.1 | 19.00 | 121.00 | 140.00 | OK |
Version: 1.1.1
Check: Rd files
Result: NOTE
checkRd: (-1) FADPclust.Rd:28: Lost braces in \itemize; \value handles \item{}{} directly
checkRd: (-1) FADPclust.Rd:29: Lost braces in \itemize; \value handles \item{}{} directly
checkRd: (-1) FADPclust.Rd:30: Lost braces in \itemize; \value handles \item{}{} directly
checkRd: (-1) FADPclust.Rd:31: Lost braces in \itemize; \value handles \item{}{} directly
checkRd: (-1) FADPclust.Rd:32: Lost braces in \itemize; \value handles \item{}{} directly
checkRd: (-1) FADPclust.Rd:33: Lost braces in \itemize; \value handles \item{}{} directly
checkRd: (-1) FADPclust.Rd:34: Lost braces in \itemize; \value handles \item{}{} directly
checkRd: (-1) FADPclust.Rd:35: Lost braces in \itemize; \value handles \item{}{} directly
checkRd: (-1) FADPclust.Rd:36: Lost braces in \itemize; \value handles \item{}{} directly
checkRd: (-1) FADPclust.Rd:37: Lost braces in \itemize; \value handles \item{}{} directly
Flavors: r-devel-linux-x86_64-debian-clang, r-devel-linux-x86_64-debian-gcc, r-devel-linux-x86_64-fedora-clang, r-devel-linux-x86_64-fedora-gcc, r-devel-windows-x86_64, r-patched-linux-x86_64, r-release-macos-arm64, r-release-windows-x86_64