Last updated on 2024-04-23 01:06:08 CEST.
Flavor | Version | Tinstall | Tcheck | Ttotal | Status | Flags |
---|---|---|---|---|---|---|
r-devel-linux-x86_64-debian-clang | 2.6 | 4.27 | 47.09 | 51.36 | NOTE | |
r-devel-linux-x86_64-debian-gcc | 2.6 | 2.89 | 34.74 | 37.63 | NOTE | |
r-devel-linux-x86_64-fedora-clang | 2.6 | 61.63 | NOTE | |||
r-devel-linux-x86_64-fedora-gcc | 2.6 | 61.08 | NOTE | |||
r-prerel-macos-arm64 | 2.6 | 24.00 | NOTE | |||
r-prerel-macos-x86_64 | 2.6 | 71.00 | OK | |||
r-prerel-windows-x86_64 | 2.6 | 6.00 | 58.00 | 64.00 | NOTE | |
r-patched-linux-x86_64 | 2.6 | 3.80 | 46.07 | 49.87 | NOTE | |
r-release-linux-x86_64 | 2.6 | 3.46 | 46.30 | 49.76 | OK | |
r-release-macos-arm64 | 2.6 | 26.00 | OK | |||
r-release-macos-x86_64 | 2.6 | 47.00 | OK | |||
r-release-windows-x86_64 | 2.6 | 5.00 | 61.00 | 66.00 | OK | |
r-oldrel-macos-arm64 | 2.6 | 26.00 | OK | |||
r-oldrel-windows-x86_64 | 2.6 | 18.00 | 71.00 | 89.00 | OK |
Version: 2.6
Check: Rd files
Result: NOTE
checkRd: (-1) pi0FAMT.Rd:18: Lost braces
18 | \code{pi0}{The estimated proportion \code{pi0} of null hypotheses.}}
| ^
Flavors: r-devel-linux-x86_64-debian-clang, r-devel-linux-x86_64-debian-gcc, r-devel-linux-x86_64-fedora-clang, r-devel-linux-x86_64-fedora-gcc, r-prerel-macos-arm64, r-prerel-windows-x86_64, r-patched-linux-x86_64