Last updated on 2023-05-28 23:13:58 CEST.
Flavor | Version | Tinstall | Tcheck | Ttotal | Status | Flags |
---|---|---|---|---|---|---|
r-devel-linux-x86_64-debian-clang | 2.3.0 | 5.25 | 53.56 | 58.81 | OK | |
r-devel-linux-x86_64-debian-gcc | 2.3.0 | 4.62 | 41.11 | 45.73 | OK | |
r-devel-linux-x86_64-fedora-clang | 2.3.0 | 76.04 | NOTE | |||
r-devel-linux-x86_64-fedora-gcc | 2.3.0 | 82.61 | NOTE | |||
r-devel-windows-x86_64 | 2.3.0 | 6.00 | 81.00 | 87.00 | OK | |
r-patched-linux-x86_64 | 2.3.0 | 4.83 | 51.59 | 56.42 | OK | |
r-release-linux-x86_64 | 2.3.0 | 5.50 | 51.23 | 56.73 | OK | |
r-release-macos-arm64 | 2.3.0 | 34.00 | OK | |||
r-release-macos-x86_64 | 2.3.0 | 49.00 | OK | |||
r-release-windows-x86_64 | 2.3.0 | 8.00 | 85.00 | 93.00 | OK | |
r-oldrel-macos-arm64 | 2.3.0 | 29.00 | OK | |||
r-oldrel-macos-x86_64 | 2.3.0 | 39.00 | OK | |||
r-oldrel-windows-x86_64 | 2.3.0 | 8.00 | 78.00 | 86.00 | OK |
Version: 2.3.0
Check: data for non-ASCII characters
Result: NOTE
Note: found 179 marked UTF-8 strings
Flavors: r-devel-linux-x86_64-fedora-clang, r-devel-linux-x86_64-fedora-gcc