Last updated on 2023-10-03 01:04:50 CEST.
Flavor | Version | Tinstall | Tcheck | Ttotal | Status | Flags |
---|---|---|---|---|---|---|
r-devel-linux-x86_64-debian-clang | 1.3.0 | 8.31 | 61.56 | 69.87 | OK | |
r-devel-linux-x86_64-debian-gcc | 1.3.0 | 9.06 | 46.31 | 55.37 | OK | |
r-devel-linux-x86_64-fedora-clang | 1.3.0 | 93.67 | OK | |||
r-devel-linux-x86_64-fedora-gcc | 1.3.0 | 86.22 | OK | |||
r-devel-windows-x86_64 | 1.3.0 | 11.00 | 72.00 | 83.00 | OK | |
r-patched-linux-x86_64 | 1.3.0 | 11.21 | 59.19 | 70.40 | OK | |
r-release-linux-x86_64 | 1.3.0 | 10.73 | 60.76 | 71.49 | OK | |
r-release-macos-arm64 | 1.3.0 | 35.00 | OK | |||
r-release-macos-x86_64 | 1.3.0 | 57.00 | NOTE | |||
r-release-windows-x86_64 | 1.3.0 | 13.00 | 80.00 | 93.00 | OK | |
r-oldrel-macos-arm64 | 1.3.0 | 41.00 | NOTE | |||
r-oldrel-macos-x86_64 | 1.3.0 | 68.00 | OK | |||
r-oldrel-windows-x86_64 | 1.3.0 | 14.00 | 78.00 | 92.00 | OK |
Version: 1.3.0
Check: installed package size
Result: NOTE
installed size is 5.9Mb
sub-directories of 1Mb or more:
data 5.8Mb
Flavors: r-release-macos-x86_64, r-oldrel-macos-arm64