Last updated on 2024-03-28 23:55:06 CET.
Flavor | Version | Tinstall | Tcheck | Ttotal | Status | Flags |
---|---|---|---|---|---|---|
r-devel-linux-x86_64-debian-clang | 0.1.0 | 50.32 | 234.29 | 284.61 | NOTE | |
r-devel-linux-x86_64-debian-gcc | 0.1.0 | 38.83 | 814.81 | 853.64 | NOTE | |
r-devel-linux-x86_64-fedora-clang | 0.1.0 | 552.04 | NOTE | |||
r-devel-linux-x86_64-fedora-gcc | 0.1.0 | 658.10 | NOTE | |||
r-devel-windows-x86_64 | 0.1.0 | 39.00 | 227.00 | 266.00 | NOTE | |
r-patched-linux-x86_64 | 0.1.0 | 47.14 | 819.62 | 866.76 | NOTE | |
r-release-linux-x86_64 | 0.1.0 | 53.14 | 617.49 | 670.63 | NOTE | |
r-release-macos-arm64 | 0.1.0 | 168.00 | NOTE | |||
r-release-macos-x86_64 | 0.1.0 | 240.00 | NOTE | |||
r-release-windows-x86_64 | 0.1.0 | 46.00 | 286.00 | 332.00 | NOTE | |
r-oldrel-macos-arm64 | 0.1.0 | 148.00 | OK | |||
r-oldrel-windows-x86_64 | 0.1.0 | 46.00 | 281.00 | 327.00 | OK |
Version: 0.1.0
Check: C++ specification
Result: NOTE
Specified C++11: please drop specification unless essential
Flavors: r-devel-linux-x86_64-debian-clang, r-devel-linux-x86_64-debian-gcc, r-devel-linux-x86_64-fedora-clang, r-devel-linux-x86_64-fedora-gcc, r-devel-windows-x86_64, r-patched-linux-x86_64, r-release-linux-x86_64, r-release-macos-arm64, r-release-macos-x86_64, r-release-windows-x86_64