CRAN Package Check Results for Package FGLMtrunc

Last updated on 2024-06-18 00:57:26 CEST.

Flavor Version Tinstall Tcheck Ttotal Status Flags
r-devel-linux-x86_64-debian-clang 0.1.0 48.78 231.18 279.96 NOTE
r-devel-linux-x86_64-debian-gcc 0.1.0 34.05 1366.41 1400.46 NOTE
r-devel-linux-x86_64-fedora-clang 0.1.0 487.54 NOTE
r-devel-linux-x86_64-fedora-gcc 0.1.0 602.79 NOTE
r-devel-windows-x86_64 0.1.0 40.00 241.00 281.00 NOTE
r-patched-linux-x86_64 0.1.0 41.50 873.32 914.82 NOTE
r-release-linux-x86_64 0.1.0 44.28 854.14 898.42 NOTE
r-release-macos-arm64 0.1.0 148.00 NOTE
r-release-macos-x86_64 0.1.0 187.00 NOTE
r-release-windows-x86_64 0.1.0 39.00 93.00 132.00 ERROR
r-oldrel-macos-arm64 0.1.0 168.00 NOTE
r-oldrel-macos-x86_64 0.1.0 240.00 NOTE
r-oldrel-windows-x86_64 0.1.0 47.00 285.00 332.00 NOTE

Check Details

Version: 0.1.0
Check: C++ specification
Result: NOTE Specified C++11: please drop specification unless essential Flavors: r-devel-linux-x86_64-debian-clang, r-devel-linux-x86_64-debian-gcc, r-devel-linux-x86_64-fedora-clang, r-devel-linux-x86_64-fedora-gcc, r-devel-windows-x86_64, r-patched-linux-x86_64, r-release-linux-x86_64, r-release-macos-arm64, r-release-macos-x86_64, r-release-windows-x86_64, r-oldrel-macos-arm64, r-oldrel-macos-x86_64, r-oldrel-windows-x86_64

Version: 0.1.0
Check: R code for possible problems
Result: NOTE Fatal error: couldn't allocate node stack Flavor: r-release-windows-x86_64

Version: 0.1.0
Check: re-building of vignette outputs
Result: ERROR Error(s) in re-building vignettes: Flavor: r-release-windows-x86_64

Version: 0.1.0
Check: PDF version of manual
Result: WARN LaTeX errors when creating PDF version. This typically indicates Rd problems. Flavor: r-release-windows-x86_64

Version: 0.1.0
Check: PDF version of manual without index
Result: ERROR Re-running with no redirection of stdout/stderr. Flavor: r-release-windows-x86_64