Last updated on 2022-06-25 00:50:46 CEST.
Flavor | Version | Tinstall | Tcheck | Ttotal | Status | Flags |
---|---|---|---|---|---|---|
r-devel-linux-x86_64-debian-clang | 0.0.6 | 50.54 | 108.21 | 158.75 | NOTE | |
r-devel-linux-x86_64-debian-gcc | 0.0.6 | 39.30 | 75.39 | 114.69 | NOTE | |
r-devel-linux-x86_64-fedora-clang | 0.0.6 | 201.45 | NOTE | |||
r-devel-linux-x86_64-fedora-gcc | 0.0.6 | 201.24 | NOTE | |||
r-devel-windows-x86_64 | 0.0.6 | 50.00 | 157.00 | 207.00 | NOTE | |
r-patched-linux-x86_64 | 0.0.6 | 41.72 | 102.47 | 144.19 | NOTE | |
r-release-linux-x86_64 | 0.0.6 | 42.70 | 102.18 | 144.88 | NOTE | |
r-release-macos-arm64 | 0.0.6 | 55.00 | NOTE | |||
r-release-macos-x86_64 | 0.0.6 | 68.00 | NOTE | |||
r-release-windows-x86_64 | 0.0.6 | 52.00 | 155.00 | 207.00 | NOTE | |
r-oldrel-macos-arm64 | 0.0.6 | 61.00 | NOTE | |||
r-oldrel-macos-x86_64 | 0.0.6 | 100.00 | NOTE | |||
r-oldrel-windows-ix86+x86_64 | 0.0.6 | 98.00 | 162.00 | 260.00 | NOTE |
Version: 0.0.6
Check: LazyData
Result: NOTE
'LazyData' is specified without a 'data' directory
Flavors: r-devel-linux-x86_64-debian-clang, r-devel-linux-x86_64-debian-gcc, r-devel-linux-x86_64-fedora-clang, r-devel-linux-x86_64-fedora-gcc, r-devel-windows-x86_64, r-patched-linux-x86_64, r-release-linux-x86_64, r-release-macos-arm64, r-release-macos-x86_64, r-release-windows-x86_64, r-oldrel-macos-arm64, r-oldrel-macos-x86_64, r-oldrel-windows-ix86+x86_64
Version: 0.0.6
Check: installed package size
Result: NOTE
installed size is 8.3Mb
sub-directories of 1Mb or more:
libs 7.3Mb
Flavors: r-devel-linux-x86_64-fedora-clang, r-release-macos-arm64, r-release-macos-x86_64, r-oldrel-macos-arm64, r-oldrel-macos-x86_64
Version: 0.0.6
Check: dependencies in R code
Result: NOTE
Namespaces in Imports field not imported from:
‘MASS’ ‘XML’ ‘gglasso’ ‘methods’
All declared Imports should be used.
Flavors: r-devel-linux-x86_64-fedora-clang, r-devel-linux-x86_64-fedora-gcc, r-release-macos-arm64, r-release-macos-x86_64, r-oldrel-macos-arm64, r-oldrel-macos-x86_64