Last updated on 2024-03-29 15:54:37 CET.
Flavor | Version | Tinstall | Tcheck | Ttotal | Status | Flags |
---|---|---|---|---|---|---|
r-devel-linux-x86_64-debian-clang | 9.1.3 | 378.46 | 61.95 | 440.41 | NOTE | |
r-devel-linux-x86_64-debian-gcc | 9.1.3 | 345.80 | 48.33 | 394.13 | NOTE | |
r-devel-linux-x86_64-fedora-clang | 9.1.3 | 610.50 | NOTE | |||
r-devel-linux-x86_64-fedora-gcc | 9.1.3 | 734.76 | NOTE | |||
r-devel-windows-x86_64 | 9.1.3 | 310.00 | 102.00 | 412.00 | NOTE | |
r-patched-linux-x86_64 | 9.1.3 | 406.30 | 59.96 | 466.26 | NOTE | |
r-release-linux-x86_64 | 9.1.3 | 414.14 | 60.09 | 474.23 | NOTE | |
r-release-macos-arm64 | 9.1.3 | 159.00 | NOTE | |||
r-release-macos-x86_64 | 9.1.3 | 180.00 | NOTE | |||
r-release-windows-x86_64 | 9.1.3 | 261.00 | 117.00 | 378.00 | NOTE | |
r-oldrel-macos-arm64 | 9.1.3 | 142.00 | NOTE | |||
r-oldrel-windows-x86_64 | 9.1.3 | 341.00 | 108.00 | 449.00 | NOTE |
Version: 9.1.3
Check: for GNU extensions in Makefiles
Result: NOTE
GNU make is a SystemRequirements.
Flavors: r-devel-linux-x86_64-debian-clang, r-devel-linux-x86_64-debian-gcc, r-devel-linux-x86_64-fedora-clang, r-devel-linux-x86_64-fedora-gcc, r-devel-windows-x86_64, r-patched-linux-x86_64, r-release-linux-x86_64, r-release-macos-arm64, r-release-macos-x86_64, r-release-windows-x86_64, r-oldrel-macos-arm64, r-oldrel-windows-x86_64
Version: 9.1.3
Check: installed package size
Result: NOTE
installed size is 26.0Mb
sub-directories of 1Mb or more:
libs 25.7Mb
Flavors: r-release-macos-arm64, r-release-macos-x86_64, r-oldrel-macos-arm64