Last updated on 2023-06-04 08:57:09 CEST.
Flavor | Version | Tinstall | Tcheck | Ttotal | Status | Flags |
---|---|---|---|---|---|---|
r-devel-linux-x86_64-debian-clang | 9.1.1 | 374.23 | 60.45 | 434.68 | NOTE | |
r-devel-linux-x86_64-debian-gcc | 9.1.1 | 330.30 | 47.97 | 378.27 | NOTE | |
r-devel-linux-x86_64-fedora-clang | 9.1.1 | 636.92 | NOTE | |||
r-devel-linux-x86_64-fedora-gcc | 9.1.1 | 714.49 | NOTE | |||
r-devel-windows-x86_64 | 9.1.1 | 237.00 | 102.00 | 339.00 | NOTE | |
r-patched-linux-x86_64 | 9.1.1 | 343.88 | 59.13 | 403.01 | NOTE | |
r-release-linux-x86_64 | 9.1.1 | 336.90 | 59.02 | 395.92 | NOTE | |
r-release-macos-arm64 | 9.1.1 | 162.00 | NOTE | |||
r-release-macos-x86_64 | 9.1.1 | 318.00 | NOTE | |||
r-release-windows-x86_64 | 9.1.1 | 265.00 | 110.00 | 375.00 | NOTE | |
r-oldrel-macos-arm64 | 9.1.1 | 152.00 | NOTE | |||
r-oldrel-macos-x86_64 | 9.1.1 | 109.00 | ERROR | |||
r-oldrel-windows-x86_64 | 9.1.1 | 343.00 | 106.00 | 449.00 | NOTE |
Version: 9.1.1
Check: C++ specification
Result: NOTE
Specified C++11: please drop specification unless essential
Flavors: r-devel-linux-x86_64-debian-clang, r-devel-linux-x86_64-debian-gcc, r-devel-linux-x86_64-fedora-clang, r-devel-linux-x86_64-fedora-gcc, r-devel-windows-x86_64, r-patched-linux-x86_64, r-release-linux-x86_64, r-release-macos-arm64, r-release-macos-x86_64, r-release-windows-x86_64
Version: 9.1.1
Check: for GNU extensions in Makefiles
Result: NOTE
GNU make is a SystemRequirements.
Flavors: r-devel-linux-x86_64-debian-clang, r-devel-linux-x86_64-debian-gcc, r-devel-linux-x86_64-fedora-clang, r-devel-linux-x86_64-fedora-gcc, r-devel-windows-x86_64, r-patched-linux-x86_64, r-release-linux-x86_64, r-release-macos-arm64, r-release-macos-x86_64, r-release-windows-x86_64, r-oldrel-macos-arm64, r-oldrel-windows-x86_64
Version: 9.1.1
Check: installed package size
Result: NOTE
installed size is 26.8Mb
sub-directories of 1Mb or more:
libs 26.5Mb
Flavors: r-release-macos-arm64, r-release-macos-x86_64, r-oldrel-macos-arm64
Version: 9.1.1
Check: whether package can be installed
Result: ERROR
Installation failed.
Flavor: r-oldrel-macos-x86_64