Last updated on 2024-04-26 00:56:21 CEST.
Flavor | Version | Tinstall | Tcheck | Ttotal | Status | Flags |
---|---|---|---|---|---|---|
r-devel-linux-x86_64-debian-clang | 1.0 | 39.05 | 34.15 | 73.20 | NOTE | |
r-devel-linux-x86_64-debian-gcc | 1.0 | 26.96 | 25.54 | 52.50 | NOTE | |
r-devel-linux-x86_64-fedora-clang | 1.0 | 99.00 | NOTE | |||
r-devel-linux-x86_64-fedora-gcc | 1.0 | 100.54 | NOTE | |||
r-devel-windows-x86_64 | 1.0 | 32.00 | 70.00 | 102.00 | NOTE | |
r-patched-linux-x86_64 | 1.0 | 36.33 | 31.07 | 67.40 | NOTE | |
r-release-linux-x86_64 | 1.0 | 41.14 | 32.64 | 73.78 | NOTE | |
r-release-macos-arm64 | 1.0 | 27.00 | NOTE | |||
r-release-windows-x86_64 | 1.0 | 32.00 | 69.00 | 101.00 | NOTE | |
r-oldrel-macos-arm64 | 1.0 | 30.00 | NOTE | |||
r-oldrel-macos-x86_64 | 1.0 | 46.00 | NOTE | |||
r-oldrel-windows-x86_64 | 1.0 | 38.00 | 78.00 | 116.00 | NOTE |
Version: 1.0
Check: C++ specification
Result: NOTE
Specified C++11: please drop specification unless essential
Flavors: r-devel-linux-x86_64-debian-clang, r-devel-linux-x86_64-debian-gcc, r-devel-linux-x86_64-fedora-clang, r-devel-linux-x86_64-fedora-gcc, r-devel-windows-x86_64, r-patched-linux-x86_64, r-release-linux-x86_64, r-release-macos-arm64, r-release-windows-x86_64, r-oldrel-macos-arm64, r-oldrel-macos-x86_64, r-oldrel-windows-x86_64