Last updated on 2024-04-20 08:50:53 CEST.
Flavor | Version | Tinstall | Tcheck | Ttotal | Status | Flags |
---|---|---|---|---|---|---|
r-devel-linux-x86_64-debian-clang | 0.1.3 | 2.79 | 67.90 | 70.69 | NOTE | |
r-devel-linux-x86_64-debian-gcc | 0.1.3 | 1.85 | 54.36 | 56.21 | NOTE | |
r-devel-linux-x86_64-fedora-clang | 0.1.3 | 87.53 | NOTE | |||
r-devel-linux-x86_64-fedora-gcc | 0.1.3 | 96.53 | NOTE | |||
r-prerel-macos-arm64 | 0.1.3 | 33.00 | NOTE | |||
r-prerel-windows-x86_64 | 0.1.3 | 3.00 | 70.00 | 73.00 | NOTE | |
r-patched-linux-x86_64 | 0.1.3 | 2.98 | 66.91 | 69.89 | NOTE | |
r-release-linux-x86_64 | 0.1.3 | 2.97 | 65.35 | 68.32 | NOTE | |
r-release-macos-arm64 | 0.1.3 | 37.00 | NOTE | |||
r-release-macos-x86_64 | 0.1.3 | 61.00 | NOTE | |||
r-release-windows-x86_64 | 0.1.3 | 4.00 | 75.00 | 79.00 | NOTE | |
r-oldrel-macos-arm64 | 0.1.3 | 32.00 | NOTE | |||
r-oldrel-windows-x86_64 | 0.1.3 | 5.00 | 81.00 | 86.00 | NOTE |
Version: 0.1.3
Check: LazyData
Result: NOTE
'LazyData' is specified without a 'data' directory
Flavors: r-devel-linux-x86_64-debian-clang, r-devel-linux-x86_64-debian-gcc, r-devel-linux-x86_64-fedora-clang, r-devel-linux-x86_64-fedora-gcc, r-prerel-macos-arm64, r-prerel-windows-x86_64, r-patched-linux-x86_64, r-release-linux-x86_64, r-release-macos-arm64, r-release-macos-x86_64, r-release-windows-x86_64, r-oldrel-macos-arm64, r-oldrel-windows-x86_64
Version: 0.1.3
Check: Rd cross-references
Result: NOTE
Undeclared package ‘XICOR’ in Rd xrefs
Flavor: r-devel-linux-x86_64-fedora-clang