CRAN Package Check Results for Package FPLdata

Last updated on 2023-06-04 08:57:09 CEST.

Flavor Version Tinstall Tcheck Ttotal Status Flags
r-devel-linux-x86_64-debian-clang 0.1.0 1.66 19.50 21.16 OK
r-devel-linux-x86_64-debian-gcc 0.1.0 1.54 15.72 17.26 OK
r-devel-linux-x86_64-fedora-clang 0.1.0 27.43 NOTE
r-devel-linux-x86_64-fedora-gcc 0.1.0 26.14 NOTE
r-devel-windows-x86_64 0.1.0 3.00 36.00 39.00 OK
r-patched-linux-x86_64 0.1.0 1.75 19.55 21.30 OK
r-release-linux-x86_64 0.1.0 1.40 19.21 20.61 OK
r-release-macos-arm64 0.1.0 21.00 OK
r-release-macos-x86_64 0.1.0 19.00 OK
r-release-windows-x86_64 0.1.0 4.00 35.00 39.00 OK
r-oldrel-macos-arm64 0.1.0 14.00 NOTE
r-oldrel-macos-x86_64 0.1.0 26.00 NOTE
r-oldrel-windows-x86_64 0.1.0 3.00 41.00 44.00 OK

Check Details

Version: 0.1.0
Check: dependencies in R code
Result: NOTE
    Namespace in Imports field not imported from: ‘dplyr’
     All declared Imports should be used.
Flavors: r-devel-linux-x86_64-fedora-clang, r-devel-linux-x86_64-fedora-gcc, r-oldrel-macos-arm64, r-oldrel-macos-x86_64