Last updated on 2024-04-23 08:57:56 CEST.
Flavor | Version | Tinstall | Tcheck | Ttotal | Status | Flags |
---|---|---|---|---|---|---|
r-devel-linux-x86_64-debian-clang | 0.1.0 | 0.28 | 2.17 | 2.45 | ERROR | |
r-devel-linux-x86_64-debian-gcc | 0.1.0 | 27.07 | 243.47 | 270.54 | OK | |
r-devel-linux-x86_64-fedora-clang | 0.1.0 | 450.40 | NOTE | |||
r-devel-linux-x86_64-fedora-gcc | 0.1.0 | 433.66 | NOTE | |||
r-prerel-macos-arm64 | 0.1.0 | 119.00 | OK | |||
r-prerel-macos-x86_64 | 0.1.0 | 229.00 | OK | |||
r-prerel-windows-x86_64 | 0.1.0 | 29.00 | 227.00 | 256.00 | OK | |
r-patched-linux-x86_64 | 0.1.0 | 27.22 | 303.51 | 330.73 | OK | |
r-release-linux-x86_64 | 0.1.0 | 28.87 | 316.82 | 345.69 | OK | |
r-release-macos-arm64 | 0.1.0 | 135.00 | OK | |||
r-release-macos-x86_64 | 0.1.0 | 224.00 | OK | |||
r-release-windows-x86_64 | 0.1.0 | 36.00 | 297.00 | 333.00 | OK | |
r-oldrel-macos-arm64 | 0.1.0 | 117.00 | NOTE | |||
r-oldrel-windows-x86_64 | 0.1.0 | 35.00 | 294.00 | 329.00 | OK |
Version: 0.1.0
Check: package dependencies
Result: ERROR
Package required but not available: ‘WGCNA’
See section ‘The DESCRIPTION file’ in the ‘Writing R Extensions’
manual.
Flavor: r-devel-linux-x86_64-debian-clang
Version: 0.1.0
Check: dependencies in R code
Result: NOTE
Namespace in Imports field not imported from: ‘MASS’
All declared Imports should be used.
Flavors: r-devel-linux-x86_64-fedora-clang, r-devel-linux-x86_64-fedora-gcc, r-oldrel-macos-arm64