Last updated on 2022-07-03 04:49:01 CEST.
Flavor | Version | Tinstall | Tcheck | Ttotal | Status | Flags |
---|---|---|---|---|---|---|
r-devel-linux-x86_64-debian-clang | 0.1.0 | 30.72 | 335.54 | 366.26 | OK | |
r-devel-linux-x86_64-debian-gcc | 0.1.0 | 28.11 | 250.78 | 278.89 | OK | |
r-devel-linux-x86_64-fedora-clang | 0.1.0 | 447.62 | NOTE | |||
r-devel-linux-x86_64-fedora-gcc | 0.1.0 | 444.70 | NOTE | |||
r-devel-windows-x86_64 | 0.1.0 | 35.00 | 334.00 | 369.00 | OK | |
r-patched-linux-x86_64 | 0.1.0 | 30.63 | 323.62 | 354.25 | OK | |
r-release-linux-x86_64 | 0.1.0 | 29.18 | 322.23 | 351.41 | OK | |
r-release-macos-arm64 | 0.1.0 | 117.00 | NOTE | |||
r-release-macos-x86_64 | 0.1.0 | 194.00 | NOTE | |||
r-release-windows-x86_64 | 0.1.0 | 34.00 | 363.00 | 397.00 | OK | |
r-oldrel-macos-arm64 | 0.1.0 | 168.00 | NOTE | |||
r-oldrel-macos-x86_64 | 0.1.0 | 150.00 | NOTE | |||
r-oldrel-windows-ix86+x86_64 | 0.1.0 | 69.00 | 333.00 | 402.00 | OK |
Version: 0.1.0
Check: dependencies in R code
Result: NOTE
Namespace in Imports field not imported from: ‘MASS’
All declared Imports should be used.
Flavors: r-devel-linux-x86_64-fedora-clang, r-devel-linux-x86_64-fedora-gcc, r-release-macos-arm64, r-release-macos-x86_64, r-oldrel-macos-arm64, r-oldrel-macos-x86_64