CRAN Package Check Results for Package FSK2R

Last updated on 2021-09-21 04:55:08 CEST.

Flavor Version Tinstall Tcheck Ttotal Status Flags
r-devel-linux-x86_64-debian-clang 0.1.2 8.58 83.44 92.02 NOTE
r-devel-linux-x86_64-debian-gcc 0.1.2 5.86 62.90 68.76 NOTE
r-devel-linux-x86_64-fedora-clang 0.1.2 119.27 NOTE
r-devel-linux-x86_64-fedora-gcc 0.1.2 105.09 NOTE
r-devel-windows-x86_64 0.1.2 10.00 84.00 94.00 NOTE
r-devel-windows-x86_64-gcc10-UCRT 0.1.2 ERROR
r-patched-linux-x86_64 0.1.2 10.21 78.19 88.40 NOTE
r-patched-solaris-x86 0.1.2 145.80 NOTE
r-release-linux-x86_64 0.1.2 7.56 77.10 84.66 NOTE
r-release-macos-arm64 0.1.2 NOTE
r-release-macos-x86_64 0.1.2 NOTE
r-release-windows-ix86+x86_64 0.1.2 22.00 109.00 131.00 NOTE
r-oldrel-macos-x86_64 0.1.2 OK
r-oldrel-windows-ix86+x86_64 0.1.2 21.00 106.00 127.00 OK

Check Details

Version: 0.1.2
Check: LazyData
Result: NOTE
     'LazyData' is specified without a 'data' directory
Flavors: r-devel-linux-x86_64-debian-clang, r-devel-linux-x86_64-debian-gcc, r-devel-linux-x86_64-fedora-clang, r-devel-linux-x86_64-fedora-gcc, r-devel-windows-x86_64, r-patched-linux-x86_64, r-patched-solaris-x86, r-release-linux-x86_64, r-release-macos-arm64, r-release-macos-x86_64, r-release-windows-ix86+x86_64

Version: 0.1.2
Check: package dependencies
Result: ERROR
    Package required but not available: 'XML'
    
    See section 'The DESCRIPTION file' in the 'Writing R Extensions'
    manual.
Flavor: r-devel-windows-x86_64-gcc10-UCRT