CRAN Package Check Results for Package FactoClass

Last updated on 2021-11-27 04:55:43 CET.

Flavor Version Tinstall Tcheck Ttotal Status Flags
r-devel-linux-x86_64-debian-clang 1.2.7 NOTE
r-devel-linux-x86_64-debian-gcc 1.2.7 7.33 54.05 61.38 NOTE
r-devel-linux-x86_64-fedora-clang 1.2.7 109.19 NOTE
r-devel-linux-x86_64-fedora-gcc 1.2.7 93.15 NOTE
r-devel-windows-x86_64-new-UL 1.2.7 22.00 119.00 141.00 OK
r-devel-windows-x86_64-new-TK 1.2.7 OK
r-devel-windows-x86_64-old 1.2.7 14.00 98.00 112.00 OK
r-patched-linux-x86_64 1.2.7 9.35 65.96 75.31 NOTE
r-patched-solaris-x86 1.2.7 126.00 NOTE
r-release-linux-x86_64 1.2.7 NOTE
r-release-macos-arm64 1.2.7 OK
r-release-macos-x86_64 1.2.7 OK
r-release-windows-ix86+x86_64 1.2.7 24.00 91.00 115.00 OK
r-oldrel-macos-x86_64 1.2.7 OK
r-oldrel-windows-ix86+x86_64 1.2.7 29.00 120.00 149.00 OK

Check Details

Version: 1.2.7
Check: for non-standard things in the check directory
Result: NOTE
    Found the following files/directories:
     'Bogota.tex' 'DogBreeds1.tex'
Flavors: r-devel-linux-x86_64-debian-clang, r-devel-linux-x86_64-debian-gcc, r-devel-linux-x86_64-fedora-clang, r-devel-linux-x86_64-fedora-gcc, r-patched-linux-x86_64, r-patched-solaris-x86, r-release-linux-x86_64