Last updated on 2024-04-19 01:04:31 CEST.
Flavor | Version | Tinstall | Tcheck | Ttotal | Status | Flags |
---|---|---|---|---|---|---|
r-devel-linux-x86_64-debian-clang | 1.0 | 32.82 | 33.74 | 66.56 | NOTE | |
r-devel-linux-x86_64-debian-gcc | 1.0 | 26.49 | 25.65 | 52.14 | NOTE | |
r-devel-linux-x86_64-fedora-clang | 1.0 | 90.44 | NOTE | |||
r-devel-linux-x86_64-fedora-gcc | 1.0 | 88.62 | NOTE | |||
r-prerel-macos-arm64 | 1.0 | 24.00 | NOTE | |||
r-prerel-windows-x86_64 | 1.0 | 26.00 | 70.00 | 96.00 | NOTE | |
r-patched-linux-x86_64 | 1.0 | 30.20 | 31.13 | 61.33 | NOTE | |
r-release-linux-x86_64 | 1.0 | 29.05 | 32.56 | 61.61 | NOTE | |
r-release-macos-arm64 | 1.0 | 27.00 | NOTE | |||
r-release-macos-x86_64 | 1.0 | 42.00 | NOTE | |||
r-release-windows-x86_64 | 1.0 | 31.00 | 74.00 | 105.00 | NOTE | |
r-oldrel-macos-arm64 | 1.0 | 25.00 | NOTE | |||
r-oldrel-windows-x86_64 | 1.0 | 31.00 | 76.00 | 107.00 | NOTE |
Version: 1.0
Check: C++ specification
Result: NOTE
Specified C++11: please drop specification unless essential
Flavors: r-devel-linux-x86_64-debian-clang, r-devel-linux-x86_64-debian-gcc, r-devel-linux-x86_64-fedora-clang, r-devel-linux-x86_64-fedora-gcc, r-prerel-macos-arm64, r-prerel-windows-x86_64, r-patched-linux-x86_64, r-release-linux-x86_64, r-release-macos-arm64, r-release-macos-x86_64, r-release-windows-x86_64
Version: 1.0
Check: LazyData
Result: NOTE
'LazyData' is specified without a 'data' directory
Flavors: r-devel-linux-x86_64-debian-clang, r-devel-linux-x86_64-debian-gcc, r-devel-linux-x86_64-fedora-clang, r-devel-linux-x86_64-fedora-gcc, r-prerel-macos-arm64, r-prerel-windows-x86_64, r-patched-linux-x86_64, r-release-linux-x86_64, r-release-macos-arm64, r-release-macos-x86_64, r-release-windows-x86_64, r-oldrel-macos-arm64, r-oldrel-windows-x86_64