Last updated on 2024-04-20 08:50:52 CEST.
Flavor | Version | Tinstall | Tcheck | Ttotal | Status | Flags |
---|---|---|---|---|---|---|
r-devel-linux-x86_64-debian-clang | 0.5.2 | 56.82 | 39.76 | 96.58 | NOTE | |
r-devel-linux-x86_64-debian-gcc | 0.5.2 | 49.87 | 32.23 | 82.10 | NOTE | |
r-devel-linux-x86_64-fedora-clang | 0.5.2 | 119.46 | NOTE | |||
r-devel-linux-x86_64-fedora-gcc | 0.5.2 | 136.34 | NOTE | |||
r-prerel-macos-arm64 | 0.5.2 | 34.00 | NOTE | |||
r-prerel-windows-x86_64 | 0.5.2 | 43.00 | 79.00 | 122.00 | NOTE | |
r-patched-linux-x86_64 | 0.5.2 | 41.37 | 41.32 | 82.69 | NOTE | |
r-release-linux-x86_64 | 0.5.2 | 39.13 | 41.71 | 80.84 | OK | |
r-release-macos-arm64 | 0.5.2 | 40.00 | NOTE | |||
r-release-macos-x86_64 | 0.5.2 | 63.00 | NOTE | |||
r-release-windows-x86_64 | 0.5.2 | 50.00 | 88.00 | 138.00 | OK | |
r-oldrel-macos-arm64 | 0.5.2 | 37.00 | NOTE | |||
r-oldrel-windows-x86_64 | 0.5.2 | 51.00 | 79.00 | 130.00 | OK |
Version: 0.5.2
Check: Rd files
Result: NOTE
checkRd: (-1) show.fgasp.Rd:13: Lost braces
13 | Function to print the code{fgasp} object.
| ^
Flavors: r-devel-linux-x86_64-debian-clang, r-devel-linux-x86_64-debian-gcc, r-devel-linux-x86_64-fedora-clang, r-devel-linux-x86_64-fedora-gcc, r-prerel-macos-arm64, r-prerel-windows-x86_64, r-patched-linux-x86_64
Version: 0.5.2
Check: Rd \usage sections
Result: NOTE
Documented arguments not in \usage in Rd file 'Get_C_R_K_Q.Rd':
‘have_noise’
Documented arguments not in \usage in Rd file 'Sample_KF_post.Rd':
‘C0’
Functions with \usage entries need to have the appropriate \alias
entries, and all their arguments documented.
The \usage entries must correspond to syntactically valid R code.
See chapter ‘Writing R documentation files’ in the ‘Writing R
Extensions’ manual.
Flavors: r-devel-linux-x86_64-debian-clang, r-devel-linux-x86_64-debian-gcc, r-devel-linux-x86_64-fedora-clang, r-devel-linux-x86_64-fedora-gcc, r-prerel-macos-arm64, r-prerel-windows-x86_64, r-patched-linux-x86_64
Version: 0.5.2
Check: dependencies in R code
Result: NOTE
Namespace in Imports field not imported from: ‘RobustGaSP’
All declared Imports should be used.
Flavors: r-devel-linux-x86_64-fedora-clang, r-devel-linux-x86_64-fedora-gcc, r-oldrel-macos-arm64
Version: 0.5.2
Check: installed package size
Result: NOTE
installed size is 14.9Mb
sub-directories of 1Mb or more:
libs 14.6Mb
Flavors: r-prerel-macos-arm64, r-release-macos-arm64, r-release-macos-x86_64, r-oldrel-macos-arm64