Last updated on 2023-06-08 08:55:21 CEST.
Flavor | Version | Tinstall | Tcheck | Ttotal | Status | Flags |
---|---|---|---|---|---|---|
r-devel-linux-x86_64-debian-clang | 1.3.1 | 630.40 | 128.32 | 758.72 | OK | |
r-devel-linux-x86_64-debian-gcc | 1.3.1 | 507.59 | 122.03 | 629.62 | OK | |
r-devel-linux-x86_64-fedora-clang | 1.3.1 | 989.45 | OK | |||
r-devel-linux-x86_64-fedora-gcc | 1.3.1 | 1155.70 | OK | |||
r-devel-windows-x86_64 | 1.3.1 | 399.00 | 162.00 | 561.00 | OK | |
r-patched-linux-x86_64 | 1.3.1 | 464.03 | 151.07 | 615.10 | OK | |
r-release-linux-x86_64 | 1.3.1 | 397.07 | 151.00 | 548.07 | OK | |
r-release-macos-arm64 | 1.3.1 | 278.00 | NOTE | |||
r-release-macos-x86_64 | 1.3.1 | 448.00 | NOTE | |||
r-release-windows-x86_64 | 1.3.1 | 530.00 | 203.00 | 733.00 | OK | |
r-oldrel-macos-arm64 | 1.3.1 | 273.00 | NOTE | |||
r-oldrel-macos-x86_64 | 1.3.1 | 317.00 | NOTE | |||
r-oldrel-windows-x86_64 | 1.3.1 | 492.00 | 184.00 | 676.00 | OK |
Version: 1.3.1
Check: installed package size
Result: NOTE
installed size is 40.0Mb
sub-directories of 1Mb or more:
libs 39.6Mb
Flavors: r-release-macos-arm64, r-release-macos-x86_64, r-oldrel-macos-arm64, r-oldrel-macos-x86_64