Last updated on 2024-04-20 08:50:52 CEST.
Flavor | Version | Tinstall | Tcheck | Ttotal | Status | Flags |
---|---|---|---|---|---|---|
r-devel-linux-x86_64-debian-clang | 1.4.2 | 698.65 | 137.60 | 836.25 | OK | |
r-devel-linux-x86_64-debian-gcc | 1.4.2 | 566.68 | 137.47 | 704.15 | OK | |
r-devel-linux-x86_64-fedora-clang | 1.4.2 | 1072.89 | OK | |||
r-devel-linux-x86_64-fedora-gcc | 1.4.2 | 1281.00 | OK | |||
r-prerel-macos-arm64 | 1.4.2 | 222.00 | NOTE | |||
r-prerel-macos-x86_64 | 1.4.2 | 201.00 | NOTE | |||
r-prerel-windows-x86_64 | 1.4.2 | 461.00 | 176.00 | 637.00 | OK | |
r-patched-linux-x86_64 | 1.4.2 | 525.95 | 168.81 | 694.76 | OK | |
r-release-linux-x86_64 | 1.4.2 | 598.06 | 176.58 | 774.64 | OK | |
r-release-macos-arm64 | 1.4.2 | 232.00 | NOTE | |||
r-release-macos-x86_64 | 1.4.2 | 246.00 | NOTE | |||
r-release-windows-x86_64 | 1.4.2 | 532.00 | 223.00 | 755.00 | OK | |
r-oldrel-macos-arm64 | 1.4.2 | 197.00 | NOTE | |||
r-oldrel-windows-x86_64 | 1.4.2 | 416.00 | 194.00 | 610.00 | OK |
Version: 1.4.2
Check: installed package size
Result: NOTE
installed size is 50.2Mb
sub-directories of 1Mb or more:
libs 49.8Mb
Flavors: r-prerel-macos-arm64, r-prerel-macos-x86_64, r-release-macos-arm64, r-release-macos-x86_64, r-oldrel-macos-arm64