Last updated on 2023-05-28 23:13:58 CEST.
Flavor | Version | Tinstall | Tcheck | Ttotal | Status | Flags |
---|---|---|---|---|---|---|
r-devel-linux-x86_64-debian-clang | 1.0.0 | 13.76 | 148.15 | 161.91 | OK | |
r-devel-linux-x86_64-debian-gcc | 1.0.0 | 12.65 | 112.25 | 124.90 | OK | |
r-devel-linux-x86_64-fedora-clang | 1.0.0 | 204.65 | NOTE | |||
r-devel-linux-x86_64-fedora-gcc | 1.0.0 | 226.72 | NOTE | |||
r-devel-windows-x86_64 | 1.0.0 | 13.00 | 118.00 | 131.00 | OK | |
r-patched-linux-x86_64 | 1.0.0 | 12.59 | 139.88 | 152.47 | OK | |
r-release-linux-x86_64 | 1.0.0 | 9.84 | 137.85 | 147.69 | OK | |
r-release-macos-arm64 | 1.0.0 | 69.00 | OK | |||
r-release-macos-x86_64 | 1.0.0 | 113.00 | OK | |||
r-release-windows-x86_64 | 1.0.0 | 19.00 | 148.00 | 167.00 | OK | |
r-oldrel-macos-arm64 | 1.0.0 | 56.00 | NOTE | |||
r-oldrel-macos-x86_64 | 1.0.0 | 102.00 | NOTE | |||
r-oldrel-windows-x86_64 | 1.0.0 | 19.00 | 159.00 | 178.00 | OK |
Version: 1.0.0
Check: dependencies in R code
Result: NOTE
Namespaces in Imports field not imported from:
‘e1071’ ‘lattice’ ‘randomForest’ ‘tibble’ ‘utils’
All declared Imports should be used.
Flavors: r-devel-linux-x86_64-fedora-clang, r-devel-linux-x86_64-fedora-gcc, r-oldrel-macos-arm64, r-oldrel-macos-x86_64