CRAN Package Check Results for Package FeatureTerminatoR

Last updated on 2021-10-25 04:54:09 CEST.

Flavor Version Tinstall Tcheck Ttotal Status Flags
r-devel-linux-x86_64-debian-clang 1.0.0 11.62 132.28 143.90 OK
r-devel-linux-x86_64-debian-gcc 1.0.0 10.31 99.77 110.08 OK
r-devel-linux-x86_64-fedora-clang 1.0.0 186.99 NOTE
r-devel-linux-x86_64-fedora-gcc 1.0.0 169.76 NOTE
r-devel-windows-x86_64 1.0.0 21.00 168.00 189.00 OK
r-devel-windows-x86_64-gcc10-UCRT 1.0.0 NOTE
r-patched-linux-x86_64 1.0.0 11.88 124.16 136.04 OK
r-patched-solaris-x86 1.0.0 264.00 NOTE
r-release-linux-x86_64 1.0.0 11.96 123.63 135.59 OK
r-release-macos-arm64 1.0.0 NOTE
r-release-macos-x86_64 1.0.0 NOTE
r-release-windows-ix86+x86_64 1.0.0 24.00 158.00 182.00 OK
r-oldrel-macos-x86_64 1.0.0 NOTE
r-oldrel-windows-ix86+x86_64 1.0.0 33.00 194.00 227.00 OK

Check Details

Version: 1.0.0
Check: dependencies in R code
Result: NOTE
    Namespaces in Imports field not imported from:
     ‘e1071’ ‘lattice’ ‘randomForest’ ‘tibble’ ‘utils’
     All declared Imports should be used.
Flavors: r-devel-linux-x86_64-fedora-clang, r-devel-linux-x86_64-fedora-gcc, r-devel-windows-x86_64-gcc10-UCRT, r-patched-solaris-x86, r-release-macos-arm64, r-release-macos-x86_64, r-oldrel-macos-x86_64