CRAN Package Check Results for Package FertBoot

Last updated on 2024-04-22 16:55:58 CEST.

Flavor Version Tinstall Tcheck Ttotal Status Flags
r-devel-linux-x86_64-debian-clang 0.5.0 2.84 26.49 29.33 NOTE
r-devel-linux-x86_64-debian-gcc 0.5.0 2.18 20.45 22.63 NOTE
r-devel-linux-x86_64-fedora-clang 0.5.0 37.11 NOTE
r-devel-linux-x86_64-fedora-gcc 0.5.0 35.66 NOTE
r-prerel-macos-arm64 0.5.0 16.00 NOTE
r-prerel-windows-x86_64 0.5.0 4.00 42.00 46.00 NOTE
r-patched-linux-x86_64 0.5.0 2.46 26.04 28.50 NOTE
r-release-linux-x86_64 0.5.0 2.33 26.04 28.37 NOTE
r-release-macos-arm64 0.5.0 18.00 NOTE
r-release-macos-x86_64 0.5.0 21.00 NOTE
r-release-windows-x86_64 0.5.0 5.00 44.00 49.00 NOTE
r-oldrel-macos-arm64 0.5.0 20.00 NOTE
r-oldrel-windows-x86_64 0.5.0 5.00 47.00 52.00 NOTE

Check Details

Version: 0.5.0
Check: LazyData
Result: NOTE 'LazyData' is specified without a 'data' directory Flavors: r-devel-linux-x86_64-debian-clang, r-devel-linux-x86_64-debian-gcc, r-devel-linux-x86_64-fedora-clang, r-devel-linux-x86_64-fedora-gcc, r-prerel-macos-arm64, r-prerel-windows-x86_64, r-patched-linux-x86_64, r-release-linux-x86_64, r-release-macos-arm64, r-release-macos-x86_64, r-release-windows-x86_64, r-oldrel-macos-arm64, r-oldrel-windows-x86_64