CRAN Package Check Results for Package Fgmutils

Last updated on 2021-10-17 16:49:23 CEST.

Flavor Version Tinstall Tcheck Ttotal Status Flags
r-devel-linux-x86_64-debian-clang 0.9.5 11.94 83.60 95.54 NOTE
r-devel-linux-x86_64-debian-gcc 0.9.5 7.80 63.25 71.05 NOTE
r-devel-linux-x86_64-fedora-clang 0.9.5 125.94 NOTE
r-devel-linux-x86_64-fedora-gcc 0.9.5 113.68 NOTE
r-devel-windows-x86_64 0.9.5 16.00 119.00 135.00 NOTE
r-devel-windows-x86_64-gcc10-UCRT 0.9.5 NOTE
r-patched-linux-x86_64 0.9.5 11.84 79.56 91.40 NOTE
r-patched-solaris-x86 0.9.5 173.50 NOTE
r-release-linux-x86_64 0.9.5 10.77 79.01 89.78 NOTE
r-release-macos-arm64 0.9.5 NOTE
r-release-macos-x86_64 0.9.5 NOTE
r-release-windows-ix86+x86_64 0.9.5 16.00 100.00 116.00 NOTE
r-oldrel-macos-x86_64 0.9.5 OK
r-oldrel-windows-ix86+x86_64 0.9.5 23.00 108.00 131.00 OK

Check Details

Version: 0.9.5
Check: LazyData
Result: NOTE
     'LazyData' is specified without a 'data' directory
Flavors: r-devel-linux-x86_64-debian-clang, r-devel-linux-x86_64-debian-gcc, r-devel-linux-x86_64-fedora-clang, r-devel-linux-x86_64-fedora-gcc, r-devel-windows-x86_64, r-devel-windows-x86_64-gcc10-UCRT, r-patched-linux-x86_64, r-patched-solaris-x86, r-release-linux-x86_64, r-release-macos-arm64, r-release-macos-x86_64, r-release-windows-ix86+x86_64