Last updated on 2023-02-04 01:54:19 CET.
Flavor | Version | Tinstall | Tcheck | Ttotal | Status | Flags |
---|---|---|---|---|---|---|
r-devel-linux-x86_64-debian-clang | 1.0.1 | 37.76 | 36.81 | 74.57 | OK | |
r-devel-linux-x86_64-debian-gcc | 1.0.1 | 29.28 | 27.96 | 57.24 | OK | |
r-devel-linux-x86_64-fedora-clang | 1.0.1 | 109.84 | OK | |||
r-devel-linux-x86_64-fedora-gcc | 1.0.1 | 93.24 | OK | |||
r-devel-windows-x86_64 | 1.0.1 | 45.00 | 92.00 | 137.00 | OK | |
r-patched-linux-x86_64 | 1.0.1 | 31.81 | 38.25 | 70.06 | OK | |
r-release-linux-x86_64 | 1.0.1 | 33.16 | 37.22 | 70.38 | OK | |
r-release-macos-arm64 | 1.0.1 | 36.00 | OK | |||
r-release-macos-x86_64 | 1.0.1 | 47.00 | OK | |||
r-release-windows-x86_64 | 1.0.1 | 48.00 | 89.00 | 137.00 | OK | |
r-oldrel-macos-arm64 | 1.0.1 | 61.00 | NOTE | |||
r-oldrel-macos-x86_64 | 1.0.1 | 48.00 | OK | |||
r-oldrel-windows-ix86+x86_64 | 1.0.1 | 76.00 | 95.00 | 171.00 | OK |
Version: 1.0.1
Check: installed package size
Result: NOTE
installed size is 5.2Mb
sub-directories of 1Mb or more:
data 2.1Mb
libs 3.0Mb
Flavor: r-oldrel-macos-arm64