Last updated on 2024-04-18 16:49:54 CEST.
Flavor | Version | Tinstall | Tcheck | Ttotal | Status | Flags |
---|---|---|---|---|---|---|
r-devel-linux-x86_64-debian-clang | 1.1 | 9.00 | 77.98 | 86.98 | NOTE | |
r-devel-linux-x86_64-debian-gcc | 1.1 | 7.53 | 60.28 | 67.81 | NOTE | |
r-devel-linux-x86_64-fedora-clang | 1.1 | 107.48 | NOTE | |||
r-devel-linux-x86_64-fedora-gcc | 1.1 | 104.58 | NOTE | |||
r-prerel-macos-arm64 | 1.1 | 35.00 | NOTE | |||
r-prerel-windows-x86_64 | 1.1 | 10.00 | 80.00 | 90.00 | NOTE | |
r-patched-linux-x86_64 | 1.1 | 6.04 | 76.74 | 82.78 | NOTE | |
r-release-linux-x86_64 | 1.1 | 6.45 | 76.40 | 82.85 | OK | |
r-release-macos-arm64 | 1.1 | 38.00 | OK | |||
r-release-macos-x86_64 | 1.1 | 63.00 | OK | |||
r-release-windows-x86_64 | 1.1 | 11.00 | 92.00 | 103.00 | OK | |
r-oldrel-macos-arm64 | 1.1 | 37.00 | OK | |||
r-oldrel-windows-x86_64 | 1.1 | 12.00 | 93.00 | 105.00 | OK |
Version: 1.1
Check: Rd files
Result: NOTE
checkRd: (-1) FiSh-package.Rd:19: Lost braces
19 | \doi{10.3389/feart.2020.00255}{Frontiers in Earth Science, 8:255}.
| ^
checkRd: (-1) FiSh-package.Rd:32: Lost braces
32 | \doi{10.3389/feart.2020.00255}{Frontiers in Earth Science, 8:255}.
| ^
checkRd: (-1) SEP_FIM.Rd:46: Lost braces
46 | \doi{10.3389/feart.2020.00255}{Frontiers in Earth Science, 8:255}.
| ^
Flavors: r-devel-linux-x86_64-debian-clang, r-devel-linux-x86_64-debian-gcc, r-devel-linux-x86_64-fedora-clang, r-devel-linux-x86_64-fedora-gcc, r-prerel-macos-arm64, r-prerel-windows-x86_64, r-patched-linux-x86_64