Last updated on 2024-04-20 08:50:52 CEST.
Flavor | Version | Tinstall | Tcheck | Ttotal | Status | Flags |
---|---|---|---|---|---|---|
r-devel-linux-x86_64-debian-clang | 1.3.7 | 30.21 | 460.33 | 490.54 | OK | |
r-devel-linux-x86_64-debian-gcc | 1.3.7 | 23.08 | 326.01 | 349.09 | OK | |
r-devel-linux-x86_64-fedora-clang | 1.3.7 | 601.96 | NOTE | |||
r-devel-linux-x86_64-fedora-gcc | 1.3.7 | 555.49 | OK | |||
r-prerel-macos-arm64 | 1.3.7 | 155.00 | NOTE | |||
r-prerel-macos-x86_64 | 1.3.7 | 391.00 | NOTE | |||
r-prerel-windows-x86_64 | 1.3.7 | 26.00 | 302.00 | 328.00 | NOTE | |
r-patched-linux-x86_64 | 1.3.7 | 32.86 | 437.08 | 469.94 | OK | |
r-release-linux-x86_64 | 1.3.7 | 27.84 | 437.13 | 464.97 | OK | |
r-release-macos-arm64 | 1.3.7 | 143.00 | NOTE | |||
r-release-macos-x86_64 | 1.3.7 | 433.00 | NOTE | |||
r-release-windows-x86_64 | 1.3.7 | 35.00 | 391.00 | 426.00 | NOTE | |
r-oldrel-macos-arm64 | 1.3.7 | 146.00 | NOTE | |||
r-oldrel-windows-x86_64 | 1.3.7 | 39.00 | 380.00 | 419.00 | NOTE |
Version: 1.3.7
Check: installed package size
Result: NOTE
installed size is 6.0Mb
sub-directories of 1Mb or more:
R 1.0Mb
doc 3.0Mb
help 1.1Mb
Flavors: r-devel-linux-x86_64-fedora-clang, r-prerel-macos-arm64, r-prerel-macos-x86_64, r-prerel-windows-x86_64, r-release-macos-arm64, r-release-macos-x86_64, r-release-windows-x86_64, r-oldrel-macos-arm64, r-oldrel-windows-x86_64