CRAN Package Check Results for Package FishPhyloMaker

Last updated on 2021-12-02 08:51:09 CET.

Flavor Version Tinstall Tcheck Ttotal Status Flags
r-devel-linux-x86_64-debian-clang 0.2.0 3.87 35.35 39.22 OK
r-devel-linux-x86_64-debian-gcc 0.2.0 2.94 27.73 30.67 OK
r-devel-linux-x86_64-fedora-clang 0.2.0 62.20 NOTE
r-devel-linux-x86_64-fedora-gcc 0.2.0 48.40 NOTE
r-devel-windows-x86_64-new-UL 0.2.0 12.00 83.00 95.00 OK
r-devel-windows-x86_64-new-TK 0.2.0 NOTE
r-devel-windows-x86_64-old 0.2.0 8.00 44.00 52.00 OK
r-patched-linux-x86_64 0.2.0 4.04 34.68 38.72 OK
r-patched-solaris-x86 0.2.0 70.40 NOTE
r-release-linux-x86_64 0.2.0 3.86 34.98 38.84 OK
r-release-macos-arm64 0.2.0 NOTE
r-release-macos-x86_64 0.2.0 NOTE
r-release-windows-ix86+x86_64 0.2.0 9.00 59.00 68.00 OK
r-oldrel-macos-x86_64 0.2.0 NOTE
r-oldrel-windows-ix86+x86_64 0.2.0 10.00 54.00 64.00 OK

Additional issues

donttest

Check Details

Version: 0.2.0
Check: dependencies in R code
Result: NOTE
    Namespaces in Imports field not imported from:
     ‘knitr’ ‘rmarkdown’ ‘utils’
     All declared Imports should be used.
Flavors: r-devel-linux-x86_64-fedora-clang, r-devel-linux-x86_64-fedora-gcc, r-devel-windows-x86_64-new-TK, r-patched-solaris-x86, r-release-macos-arm64, r-release-macos-x86_64, r-oldrel-macos-x86_64