CRAN Package Check Results for Package FlexReg

Last updated on 2024-02-21 00:54:28 CET.

Flavor Version Tinstall Tcheck Ttotal Status Flags
r-devel-linux-x86_64-debian-clang 1.3.0 NOTE
r-devel-linux-x86_64-debian-gcc 1.3.0 3156.65 432.60 3589.25 NOTE
r-devel-windows-x86_64 1.3.0 2423.00 487.00 2910.00 NOTE
r-patched-linux-x86_64 1.3.0 0.01 4.24 4.25 ERROR
r-release-linux-x86_64 1.3.0 2708.80 564.80 3273.60 NOTE
r-release-macos-arm64 1.3.0 910.00 NOTE
r-release-macos-x86_64 1.3.0 984.00 NOTE
r-release-windows-x86_64 1.3.0 3273.00 618.00 3891.00 NOTE
r-oldrel-macos-arm64 1.3.0 971.00 NOTE
r-oldrel-windows-x86_64 1.3.0 2688.00 512.00 3200.00 NOTE

Additional issues

ATLAS

Check Details

Version: 1.3.0
Check: for GNU extensions in Makefiles
Result: NOTE GNU make is a SystemRequirements. Flavors: r-devel-linux-x86_64-debian-clang, r-devel-linux-x86_64-debian-gcc, r-devel-windows-x86_64, r-release-linux-x86_64, r-release-macos-arm64, r-release-macos-x86_64, r-release-windows-x86_64, r-oldrel-macos-arm64, r-oldrel-windows-x86_64

Version: 1.3.0
Check: installed package size
Result: NOTE installed size is 23.3Mb sub-directories of 1Mb or more: libs 22.2Mb Flavors: r-devel-windows-x86_64, r-release-macos-arm64, r-release-macos-x86_64, r-release-windows-x86_64, r-oldrel-macos-arm64, r-oldrel-windows-x86_64

Version: 1.3.0
Check: whether package can be installed
Result: ERROR Installation failed. Flavor: r-patched-linux-x86_64