Last updated on 2023-06-05 16:54:54 CEST.
Flavor | Version | Tinstall | Tcheck | Ttotal | Status | Flags |
---|---|---|---|---|---|---|
r-devel-linux-x86_64-debian-clang | 1.2 | 2464.27 | 338.12 | 2802.39 | NOTE | |
r-devel-linux-x86_64-debian-gcc | 1.2 | 2466.33 | 423.10 | 2889.43 | NOTE | |
r-devel-windows-x86_64 | 1.2 | 1553.00 | 457.00 | 2010.00 | NOTE | |
r-patched-linux-x86_64 | 1.2 | 2357.64 | 562.23 | 2919.87 | NOTE | |
r-release-linux-x86_64 | 1.2 | 2290.25 | 561.43 | 2851.68 | NOTE | |
r-release-macos-arm64 | 1.2 | 1470.00 | NOTE | |||
r-release-macos-x86_64 | 1.2 | 1802.00 | NOTE | |||
r-release-windows-x86_64 | 1.2 | 2020.00 | 606.00 | 2626.00 | NOTE | |
r-oldrel-macos-arm64 | 1.2 | 830.00 | NOTE | |||
r-oldrel-macos-x86_64 | 1.2 | 1458.00 | NOTE | |||
r-oldrel-windows-x86_64 | 1.2 | 1892.00 | 526.00 | 2418.00 | NOTE |
Version: 1.2
Check: for GNU extensions in Makefiles
Result: NOTE
GNU make is a SystemRequirements.
Flavors: r-devel-linux-x86_64-debian-clang, r-devel-linux-x86_64-debian-gcc, r-devel-windows-x86_64, r-patched-linux-x86_64, r-release-linux-x86_64, r-release-macos-arm64, r-release-windows-x86_64, r-oldrel-macos-arm64, r-oldrel-macos-x86_64, r-oldrel-windows-x86_64
Version: 1.2
Check: installed package size
Result: NOTE
installed size is 22.1Mb
sub-directories of 1Mb or more:
libs 21.0Mb
Flavors: r-devel-windows-x86_64, r-release-macos-arm64, r-release-macos-x86_64, r-release-windows-x86_64, r-oldrel-macos-arm64, r-oldrel-macos-x86_64, r-oldrel-windows-x86_64