CRAN Package Check Results for Package FlyingR

Last updated on 2022-06-25 00:50:46 CEST.

Flavor Version Tinstall Tcheck Ttotal Status Flags
r-devel-linux-x86_64-debian-clang 0.2.0 41.74 70.76 112.50 OK
r-devel-linux-x86_64-debian-gcc 0.2.0 30.79 51.91 82.70 OK
r-devel-linux-x86_64-fedora-clang 0.2.0 160.71 NOTE
r-devel-linux-x86_64-fedora-gcc 0.2.0 141.67 NOTE
r-devel-windows-x86_64 0.2.0 46.00 119.00 165.00 OK
r-patched-linux-x86_64 0.2.0 31.85 66.20 98.05 OK
r-release-linux-x86_64 0.2.0 32.52 64.09 96.61 OK
r-release-macos-arm64 0.2.0 39.00 NOTE
r-release-macos-x86_64 0.2.0 75.00 NOTE
r-release-windows-x86_64 0.2.0 43.00 114.00 157.00 OK
r-oldrel-macos-arm64 0.2.0 48.00 NOTE
r-oldrel-macos-x86_64 0.2.0 76.00 NOTE
r-oldrel-windows-ix86+x86_64 0.2.0 97.00 128.00 225.00 OK

Check Details

Version: 0.2.0
Check: dependencies in R code
Result: NOTE
    Namespaces in Imports field not imported from:
     ‘kableExtra’ ‘knitr’ ‘rmarkdown’
     All declared Imports should be used.
Flavors: r-devel-linux-x86_64-fedora-clang, r-devel-linux-x86_64-fedora-gcc, r-release-macos-arm64, r-release-macos-x86_64, r-oldrel-macos-arm64, r-oldrel-macos-x86_64