CRAN Package Check Results for Package ForecastTB

Last updated on 2023-09-29 00:56:48 CEST.

Flavor Version Tinstall Tcheck Ttotal Status Flags
r-devel-linux-x86_64-debian-clang 1.0.1 10.99 84.55 95.54 NOTE
r-devel-linux-x86_64-debian-gcc 1.0.1 8.29 62.26 70.55 NOTE
r-devel-linux-x86_64-fedora-clang 1.0.1 114.99 NOTE
r-devel-linux-x86_64-fedora-gcc 1.0.1 156.21 NOTE
r-devel-windows-x86_64 1.0.1 9.00 77.00 86.00 NOTE
r-patched-linux-x86_64 1.0.1 7.38 79.29 86.67 NOTE
r-release-linux-x86_64 1.0.1 6.43 79.43 85.86 NOTE
r-release-macos-arm64 1.0.1 48.00 NOTE
r-release-macos-x86_64 1.0.1 81.00 NOTE
r-release-windows-x86_64 1.0.1 15.00 92.00 107.00 NOTE
r-oldrel-macos-arm64 1.0.1 48.00 NOTE
r-oldrel-macos-x86_64 1.0.1 91.00 NOTE
r-oldrel-windows-x86_64 1.0.1 13.00 95.00 108.00 NOTE

Check Details

Version: 1.0.1
Check: LazyData
Result: NOTE
     'LazyData' is specified without a 'data' directory
Flavors: r-devel-linux-x86_64-debian-clang, r-devel-linux-x86_64-debian-gcc, r-devel-linux-x86_64-fedora-clang, r-devel-linux-x86_64-fedora-gcc, r-devel-windows-x86_64, r-patched-linux-x86_64, r-release-linux-x86_64, r-release-macos-arm64, r-release-macos-x86_64, r-release-windows-x86_64, r-oldrel-macos-arm64, r-oldrel-macos-x86_64, r-oldrel-windows-x86_64

Version: 1.0.1
Check: dependencies in R code
Result: NOTE
    Namespace in Imports field not imported from: ‘decomposedPSF’
     All declared Imports should be used.
Flavors: r-devel-linux-x86_64-fedora-clang, r-devel-linux-x86_64-fedora-gcc, r-oldrel-macos-arm64, r-oldrel-macos-x86_64