Last updated on 2024-04-18 01:02:53 CEST.
Flavor | Version | Tinstall | Tcheck | Ttotal | Status | Flags |
---|---|---|---|---|---|---|
r-devel-linux-x86_64-debian-clang | 0.5.0 | 5.72 | 122.99 | 128.71 | OK | |
r-devel-linux-x86_64-debian-gcc | 0.5.0 | 5.83 | 94.50 | 100.33 | OK | |
r-devel-linux-x86_64-fedora-clang | 0.5.0 | 169.17 | OK | |||
r-devel-linux-x86_64-fedora-gcc | 0.5.0 | 177.74 | OK | |||
r-prerel-macos-arm64 | 0.5.0 | 48.00 | OK | |||
r-prerel-macos-x86_64 | 0.5.0 | 140.00 | OK | |||
r-prerel-windows-x86_64 | 0.5.0 | 7.00 | 92.00 | 99.00 | OK | |
r-patched-linux-x86_64 | 0.4.2 | 6.04 | 122.22 | 128.26 | NOTE | |
r-release-linux-x86_64 | 0.5.0 | 5.24 | 121.35 | 126.59 | OK | |
r-release-macos-arm64 | 0.5.0 | 53.00 | OK | |||
r-release-macos-x86_64 | 0.5.0 | 96.00 | OK | |||
r-release-windows-x86_64 | 0.5.0 | 11.00 | 113.00 | 124.00 | OK | |
r-oldrel-macos-arm64 | 0.5.0 | 50.00 | OK | |||
r-oldrel-windows-x86_64 | 0.5.0 | 10.00 | 106.00 | 116.00 | OK |
Version: 0.4.2
Check: Rd files
Result: NOTE
checkRd: (-1) funnel_plot.Rd:50: Lost braces in \itemize; meant \describe ?
checkRd: (-1) funnel_plot.Rd:51: Lost braces in \itemize; meant \describe ?
checkRd: (-1) funnel_plot.Rd:52: Lost braces in \itemize; meant \describe ?
checkRd: (-1) funnel_plot.Rd:53: Lost braces in \itemize; meant \describe ?
checkRd: (-1) funnel_plot.Rd:54: Lost braces in \itemize; meant \describe ?
checkRd: (-1) funnel_plot.Rd:55: Lost braces in \itemize; meant \describe ?
checkRd: (-1) funnel_plot.Rd:56: Lost braces in \itemize; meant \describe ?
checkRd: (-1) funnel_plot.Rd:57: Lost braces in \itemize; meant \describe ?
Flavor: r-patched-linux-x86_64
Version: 0.4.2
Check: Rd \usage sections
Result: NOTE
Documented arguments not in \usage in Rd file 'build_limits_lookup.Rd':
‘min_preds’ ‘max_preds’ ‘min_ratio’ ‘max_ratio’ ‘draw_unadjusted’
Functions with \usage entries need to have the appropriate \alias
entries, and all their arguments documented.
The \usage entries must correspond to syntactically valid R code.
See chapter ‘Writing R documentation files’ in the ‘Writing R
Extensions’ manual.
Flavor: r-patched-linux-x86_64