Last updated on 2024-03-28 23:55:07 CET.
Flavor | Version | Tinstall | Tcheck | Ttotal | Status | Flags |
---|---|---|---|---|---|---|
r-devel-linux-x86_64-debian-clang | 0.4-7 | 9.35 | 86.63 | 95.98 | NOTE | |
r-devel-linux-x86_64-debian-gcc | 0.4-7 | 7.93 | 65.04 | 72.97 | NOTE | |
r-devel-linux-x86_64-fedora-clang | 0.4-7 | 117.54 | NOTE | |||
r-devel-linux-x86_64-fedora-gcc | 0.4-7 | 127.00 | NOTE | |||
r-devel-windows-x86_64 | 0.4-7 | 8.00 | 109.00 | 117.00 | NOTE | |
r-patched-linux-x86_64 | 0.4-7 | 12.30 | 85.14 | 97.44 | NOTE | |
r-release-linux-x86_64 | 0.4-7 | 8.41 | 85.52 | 93.93 | OK | |
r-release-macos-arm64 | 0.4-7 | 43.00 | OK | |||
r-release-macos-x86_64 | 0.4-7 | 70.00 | OK | |||
r-release-windows-x86_64 | 0.4-7 | 11.00 | 117.00 | 128.00 | OK | |
r-oldrel-macos-arm64 | 0.4-7 | 39.00 | OK | |||
r-oldrel-windows-x86_64 | 0.4-7 | 14.00 | 112.00 | 126.00 | OK |
Version: 0.4-7
Check: Rd files
Result: NOTE
checkRd: (-1) trapezoidalApproximation-methods.Rd:49: Lost braces; missing escapes or markup?
49 | For example, if Val(A) < EV_{1/3}(A) or Val(A) > EV_{2/3}(A),
| ^
checkRd: (-1) trapezoidalApproximation-methods.Rd:49: Lost braces; missing escapes or markup?
49 | For example, if Val(A) < EV_{1/3}(A) or Val(A) > EV_{2/3}(A),
| ^
Flavors: r-devel-linux-x86_64-debian-clang, r-devel-linux-x86_64-debian-gcc, r-devel-linux-x86_64-fedora-clang, r-devel-linux-x86_64-fedora-gcc, r-devel-windows-x86_64, r-patched-linux-x86_64