Last updated on 2024-08-13 17:48:14 CEST.
Flavor | Version | Tinstall | Tcheck | Ttotal | Status | Flags |
---|---|---|---|---|---|---|
r-devel-linux-x86_64-debian-clang | 2.3.2 | 8.71 | 64.79 | 73.50 | NOTE | |
r-devel-linux-x86_64-debian-gcc | 2.3.2 | 5.66 | 40.01 | 45.67 | NOTE | |
r-devel-linux-x86_64-fedora-clang | 2.3.2 | 111.50 | NOTE | |||
r-devel-linux-x86_64-fedora-gcc | 2.3.2 | 104.07 | NOTE | |||
r-devel-windows-x86_64 | 2.3.2 | 10.00 | 82.00 | 92.00 | NOTE | |
r-patched-linux-x86_64 | 2.3.2 | 8.21 | 58.39 | 66.60 | NOTE | |
r-release-linux-x86_64 | 2.3.2 | 8.31 | 57.21 | 65.52 | NOTE | |
r-release-macos-arm64 | 2.3.2 | 30.00 | NOTE | |||
r-release-macos-x86_64 | 2.3.2 | 50.00 | NOTE | |||
r-release-windows-x86_64 | 2.3.2 | 11.00 | 82.00 | 93.00 | NOTE | |
r-oldrel-macos-arm64 | 2.3.2 | 31.00 | OK | |||
r-oldrel-macos-x86_64 | 2.3.2 | 52.00 | OK | |||
r-oldrel-windows-x86_64 | 2.3.2 | 14.00 | 97.00 | 111.00 | OK |
Version: 2.3.2
Check: Rd files
Result: NOTE
checkRd: (-1) genmf.Rd:26: Lost braces; missing escapes or markup?
26 | \item 'gbellmf' is c(\code{a, b, c}), where \code{a} denotes the width, \code{b} is usually positive and {c} locates the center of the curve.
| ^
Flavors: r-devel-linux-x86_64-debian-clang, r-devel-linux-x86_64-debian-gcc, r-devel-linux-x86_64-fedora-clang, r-devel-linux-x86_64-fedora-gcc, r-devel-windows-x86_64, r-patched-linux-x86_64, r-release-linux-x86_64, r-release-macos-arm64, r-release-macos-x86_64, r-release-windows-x86_64