Last updated on 2023-12-08 00:51:55 CET.
Flavor | Version | Tinstall | Tcheck | Ttotal | Status | Flags |
---|---|---|---|---|---|---|
r-devel-linux-x86_64-debian-clang | 0.99.0 | 31.50 | 42.12 | 73.62 | NOTE | |
r-devel-linux-x86_64-debian-gcc | 0.99.0 | 22.91 | 32.76 | 55.67 | NOTE | |
r-devel-linux-x86_64-fedora-clang | 0.99.0 | 107.82 | OK | |||
r-devel-linux-x86_64-fedora-gcc | 0.99.0 | 102.23 | OK | |||
r-devel-windows-x86_64 | 0.99.0 | 29.00 | 73.00 | 102.00 | OK | |
r-patched-linux-x86_64 | 0.99.0 | 30.39 | 41.39 | 71.78 | OK | |
r-release-linux-x86_64 | 0.99.0 | 29.64 | 40.65 | 70.29 | OK | |
r-release-macos-arm64 | 0.99.0 | 34.00 | OK | |||
r-release-macos-x86_64 | 0.99.0 | 46.00 | OK | |||
r-release-windows-x86_64 | 0.99.0 | 37.00 | 81.00 | 118.00 | OK | |
r-oldrel-macos-arm64 | 0.99.0 | 36.00 | OK | |||
r-oldrel-macos-x86_64 | 0.99.0 | 40.00 | OK | |||
r-oldrel-windows-x86_64 | 0.99.0 | 36.00 | 80.00 | 116.00 | OK |
Version: 0.99.0
Check: Rd files
Result: NOTE
checkRd: (-1) GADAG_Run.Rd:22: Lost braces in \itemize; meant \describe ?
checkRd: (-1) GADAG_Run.Rd:23: Lost braces in \itemize; meant \describe ?
checkRd: (-1) GADAG_Run.Rd:24: Lost braces in \itemize; meant \describe ?
checkRd: (-1) GADAG_Run.Rd:25: Lost braces in \itemize; meant \describe ?
checkRd: (-1) GADAG_Run.Rd:26: Lost braces in \itemize; meant \describe ?
checkRd: (-1) GADAG_Run.Rd:27: Lost braces in \itemize; meant \describe ?
checkRd: (-1) GADAG_Run.Rd:32: Lost braces in \itemize; meant \describe ?
checkRd: (-1) GADAG_Run.Rd:33: Lost braces in \itemize; meant \describe ?
checkRd: (-1) GADAG_Run.Rd:45: Lost braces in \itemize; \value handles \item{}{} directly
checkRd: (-1) GADAG_Run.Rd:46: Lost braces in \itemize; \value handles \item{}{} directly
checkRd: (-1) GADAG_Run.Rd:47: Lost braces in \itemize; \value handles \item{}{} directly
checkRd: (-1) GADAG_Run.Rd:48: Lost braces in \itemize; \value handles \item{}{} directly
checkRd: (-1) GADAG_Run.Rd:49: Lost braces in \itemize; \value handles \item{}{} directly
checkRd: (-1) GADAG_Run.Rd:50: Lost braces in \itemize; \value handles \item{}{} directly
checkRd: (-1) GADAG_Run.Rd:51: Lost braces in \itemize; \value handles \item{}{} directly
checkRd: (-1) GADAG_Run.Rd:52: Lost braces in \itemize; \value handles \item{}{} directly
checkRd: (-1) GADAG_Run.Rd:53: Lost braces in \itemize; \value handles \item{}{} directly
checkRd: (-1) GADAG_Run.Rd:54: Lost braces in \itemize; \value handles \item{}{} directly
checkRd: (-1) GADAG_Run.Rd:55: Lost braces in \itemize; \value handles \item{}{} directly
checkRd: (-1) GADAG_Run.Rd:56: Lost braces in \itemize; \value handles \item{}{} directly
checkRd: (-1) evaluation.Rd:21: Lost braces in \itemize; meant \describe ?
checkRd: (-1) evaluation.Rd:22: Lost braces in \itemize; meant \describe ?
checkRd: (-1) evaluation.Rd:30: Lost braces in \itemize; \value handles \item{}{} directly
checkRd: (-1) evaluation.Rd:31: Lost braces in \itemize; \value handles \item{}{} directly
checkRd: (-1) evaluation.Rd:36: Lost braces in \itemize; \value handles \item{}{} directly
checkRd: (-1) evaluation.Rd:37: Lost braces in \itemize; \value handles \item{}{} directly
checkRd: (-1) generateToyData.Rd:29: Lost braces in \itemize; meant \describe ?
checkRd: (-1) generateToyData.Rd:30: Lost braces in \itemize; meant \describe ?
checkRd: (-1) generateToyData.Rd:31: Lost braces in \itemize; meant \describe ?
checkRd: (-1) generateToyData.Rd:32: Lost braces in \itemize; meant \describe ?
checkRd: (-1) generateToyData.Rd:33: Lost braces in \itemize; meant \describe ?
checkRd: (-1) generateToyData.Rd:34: Lost braces in \itemize; meant \describe ?
Flavors: r-devel-linux-x86_64-debian-clang, r-devel-linux-x86_64-debian-gcc