CRAN Package Check Results for Package GB2

Last updated on 2024-07-17 08:55:13 CEST.

Flavor Version Tinstall Tcheck Ttotal Status Flags
r-devel-linux-x86_64-debian-clang 2.1.1 8.06 99.66 107.72 NOTE
r-devel-linux-x86_64-debian-gcc 2.1.1 9.08 72.20 81.28 NOTE
r-devel-linux-x86_64-fedora-clang 2.1.1 136.82 NOTE
r-devel-linux-x86_64-fedora-gcc 2.1.1 128.47 NOTE
r-devel-windows-x86_64 2.1.1 11.00 106.00 117.00 NOTE
r-patched-linux-x86_64 2.1.1 11.55 91.22 102.77 NOTE
r-release-linux-x86_64 2.1.1 11.78 91.30 103.08 NOTE
r-release-macos-arm64 2.1.1 37.00 NOTE
r-release-macos-x86_64 2.1.1 60.00 NOTE
r-release-windows-x86_64 2.1.1 10.00 90.00 100.00 NOTE
r-oldrel-macos-arm64 2.1.1 42.00 OK
r-oldrel-macos-x86_64 2.1.1 69.00 OK
r-oldrel-windows-x86_64 2.1.1 12.00 113.00 125.00 OK

Check Details

Version: 2.1.1
Check: Rd files
Result: NOTE checkRd: (-1) CompoundDensPlot.Rd:18: Lost braces 18 | \item{shape1, scale ,shape2, shape3}{numeric; positive parameters of the GB2 distribution. On the plot they are denotes as \code{a}, code{b}, \code{p}, \code{q} and \code{pl0} respectively.} | ^ checkRd: (-1) CompoundVarest.Rd:58: Lost braces 58 | \code{scoreU.cgb2} returns a \eqn{N \times (L-1)} matrix of scores <code{U}. | ^ checkRd: (-1) Fisk.Rd:26: Lost braces 26 | \value{\code{fisk} and \code{fiskh} return vectors of length 4 containing the estimated parameters \eqn{a}, eqn{b}, as well as \eqn{p=1} and \eqn{q=1}. | ^ checkRd: (-1) MLfullGB2.Rd:23: Lost braces 23 | \item{method}{numeric; the method to be used by \code{optim}. By default, code{method = }1 and the used method is BFGS. If \code{method = }2, method L-BFGS-B is used.} | ^ checkRd: (-1) MLprofGB2.Rd:16: Lost braces 16 | \item{method}{numeric; the method to be used by \code{optim}. By default, code{method = }1 and the used method is BFGS. If \code{method = }2, method L-BFGS-B is used.} | ^ Flavors: r-devel-linux-x86_64-debian-clang, r-devel-linux-x86_64-debian-gcc, r-devel-linux-x86_64-fedora-clang, r-devel-linux-x86_64-fedora-gcc, r-devel-windows-x86_64, r-patched-linux-x86_64, r-release-linux-x86_64, r-release-macos-arm64, r-release-macos-x86_64, r-release-windows-x86_64

Version: 2.1.1
Check: Rd cross-references
Result: NOTE Found the following Rd file(s) with Rd \link{} targets missing package anchors: CompoundAuxVarest.Rd: survey CompoundVarest.Rd: survey Please provide package anchors for all Rd \link{} targets not in the package itself and the base packages. Flavor: r-devel-windows-x86_64